{"id":496,"date":"2026-01-28T16:15:26","date_gmt":"2026-01-28T16:15:26","guid":{"rendered":"https:\/\/quartorojo.cl\/?post_type=product&#038;p=496"},"modified":"2026-02-19T21:40:54","modified_gmt":"2026-02-19T21:40:54","slug":"perfume-de-feromonas-amarre-dark-30ml","status":"publish","type":"product","link":"https:\/\/quartorojo.cl\/index.php\/producto\/perfume-de-feromonas-amarre-dark-30ml\/","title":{"rendered":"Perfume de Feromonas Amarre Dark 30Ml"},"content":{"rendered":"<p class=\"ds-markdown-paragraph\"><strong>\u2728 AMARRE: El Perfume que lo \u00abAta\u00bb\u2026 Pero Sin Derecho a Queja \u2728<\/strong><\/p>\n<p class=\"ds-markdown-paragraph\">\u00bfAlguna vez so\u00f1aste con un hechizo que hiciera que\u00a0<em>esa<\/em>\u00a0persona no pueda apartar los ojos de ti? \u00a0<strong>AMARRE<\/strong>\u00a0es tu poci\u00f3n moderna: un perfume con feromonas inspirado en la sensualidad adictiva del J\u2019adore<em>\u00a0de Dior<\/em>, pero con un toque de magia\u00a0<em>un poco traviesa<\/em>.<\/p>\n<p class=\"ds-markdown-paragraph\">Este elixir no necesita velas ni rituales\u2026 su aroma es el conjuro. Un ritual de belleza infundido con extracto de jazm\u00edn y n\u00e9ctar de algod\u00f3n, una nueva sensaci\u00f3n de naturalidad.<\/p>\n<p class=\"ds-markdown-paragraph\"><strong>Notas del \u00abEmbrujo\u00bb:<\/strong><\/p>\n<ul class=\"lte-list\">\n<li>\n<p class=\"ds-markdown-paragraph\"><strong>Esencia de YLANG-YLANG:<\/strong>\u00a0El ylang-ylang se combina bien con las distintas notas florales, aportando elegancia.<\/p>\n<\/li>\n<li>\n<p class=\"ds-markdown-paragraph\"><strong>Esencia de Rosa Damascena:\u00a0<\/strong>Un aroma popular, lleno de coqueter\u00eda.<\/p>\n<\/li>\n<li>\n<p class=\"ds-markdown-paragraph\"><strong>Jazm\u00edn: Un toque suave que deja estela donde vayas<\/strong>\u00a0(para que el \u00abamarre\u00bb dure toda la noche)<\/p>\n<\/li>\n<\/ul>\n<p>&nbsp;<\/p>\n<p class=\"ds-markdown-paragraph\">\u26a0\ufe0f\u00a0<strong>Advertencia M\u00e1gica:<\/strong><\/p>\n<ul class=\"lte-list\">\n<li>\n<p class=\"ds-markdown-paragraph\">Puede causar efectos secundarios como: sonrisas c\u00f3mplices, excusas para acercarse y susurros de\u00a0<em>\u00ab\u00bfqu\u00e9 llevas puesto?\u00bb<\/em>.<\/p>\n<\/li>\n<li>\n<p class=\"ds-markdown-paragraph\">No incluye manual de desencanto (una vez lo pruebas, no querr\u00e1s soltarlo).<\/p>\n<\/li>\n<\/ul>\n<p class=\"ds-markdown-paragraph\"><strong>No Es Brujer\u00eda\u2026 Bueno, Solo un Poco<\/strong>\u00a0\ufe0f\u2728<\/p>\n<p><em>\u00bfTe atreves a probar el perfume que lo ata\u2026 sin que se d\u00e9 cuenta?<\/em><\/p>\n<p>&nbsp;<\/p>\n<p><strong>Caracter\u00edsticas<\/strong>:<\/p>\n<ul class=\"lte-list\">\n<li>Olor: Inspiraci\u00f3n J\u2019adore de Dior<\/li>\n<li>Tama\u00f1o: 30 ml<\/li>\n<li>Funciones de modelo: Perfume de feromonas<\/li>\n<li>Presentaci\u00f3n: Spray de 30 ml<\/li>\n<\/ul>\n","protected":false},"excerpt":{"rendered":"<p>\u2705Inspiraci\u00f3n \u00a0J\u2019adore<em>\u00a0de Dior<\/em><\/p>\n<p>\u2705Perfume de feromonas femenino<\/p>\n<p>\u2705100% concentrada<\/p>\n<p>\u2705Aumenta la atracci\u00f3n<\/p>\n<p>\u2705Atomizador 30 ml<\/p>\n","protected":false},"featured_media":499,"comment_status":"open","ping_status":"closed","template":"","meta":[],"product_brand":[],"product_cat":[15],"product_tag":[],"class_list":{"0":"post-496","1":"product","2":"type-product","3":"status-publish","4":"has-post-thumbnail","6":"product_cat-sin-categorizar","8":"first","9":"instock","10":"shipping-taxable","11":"purchasable","12":"product-type-simple"},"yoast_head":"<!-- This site is optimized with the Yoast SEO plugin v26.8 - https:\/\/yoast.com\/product\/yoast-seo-wordpress\/ -->\n<title>Perfume de Feromonas Amarre Dark 30Ml - Quarto Rojo<\/title>\n<meta name=\"robots\" content=\"index, follow, max-snippet:-1, max-image-preview:large, max-video-preview:-1\" \/>\n<link rel=\"canonical\" href=\"https:\/\/quartorojo.cl\/index.php\/producto\/perfume-de-feromonas-amarre-dark-30ml\/\" \/>\n<meta property=\"og:locale\" content=\"es_ES\" \/>\n<meta property=\"og:type\" content=\"article\" \/>\n<meta property=\"og:title\" content=\"Perfume de Feromonas Amarre Dark 30Ml - Quarto Rojo\" \/>\n<meta property=\"og:description\" content=\"\u2705Inspiraci\u00f3n \u00a0J\u2019adore\u00a0de Dior  \u2705Perfume de feromonas femenino  \u2705100% concentrada  \u2705Aumenta la atracci\u00f3n  \u2705Atomizador 30 ml\" \/>\n<meta property=\"og:url\" content=\"https:\/\/quartorojo.cl\/index.php\/producto\/perfume-de-feromonas-amarre-dark-30ml\/\" \/>\n<meta property=\"og:site_name\" content=\"Quarto Rojo\" \/>\n<meta property=\"article:modified_time\" content=\"2026-02-19T21:40:54+00:00\" \/>\n<meta property=\"og:image\" content=\"https:\/\/quartorojo.cl\/wp-content\/uploads\/2026\/01\/feromona-roja-1.png\" \/>\n\t<meta property=\"og:image:width\" content=\"588\" \/>\n\t<meta property=\"og:image:height\" content=\"585\" \/>\n\t<meta property=\"og:image:type\" content=\"image\/png\" \/>\n<meta name=\"twitter:card\" content=\"summary_large_image\" \/>\n<meta name=\"twitter:label1\" content=\"Tiempo de lectura\" \/>\n\t<meta name=\"twitter:data1\" content=\"2 minutos\" \/>\n<script type=\"application\/ld+json\" class=\"yoast-schema-graph\">{\"@context\":\"https:\/\/schema.org\",\"@graph\":[{\"@type\":\"WebPage\",\"@id\":\"https:\/\/quartorojo.cl\/index.php\/producto\/perfume-de-feromonas-amarre-dark-30ml\/\",\"url\":\"https:\/\/quartorojo.cl\/index.php\/producto\/perfume-de-feromonas-amarre-dark-30ml\/\",\"name\":\"Perfume de Feromonas Amarre Dark 30Ml - Quarto Rojo\",\"isPartOf\":{\"@id\":\"https:\/\/quartorojo.cl\/#website\"},\"primaryImageOfPage\":{\"@id\":\"https:\/\/quartorojo.cl\/index.php\/producto\/perfume-de-feromonas-amarre-dark-30ml\/#primaryimage\"},\"image\":{\"@id\":\"https:\/\/quartorojo.cl\/index.php\/producto\/perfume-de-feromonas-amarre-dark-30ml\/#primaryimage\"},\"thumbnailUrl\":\"https:\/\/quartorojo.cl\/wp-content\/uploads\/2026\/01\/feromona-roja-1.png\",\"datePublished\":\"2026-01-28T16:15:26+00:00\",\"dateModified\":\"2026-02-19T21:40:54+00:00\",\"breadcrumb\":{\"@id\":\"https:\/\/quartorojo.cl\/index.php\/producto\/perfume-de-feromonas-amarre-dark-30ml\/#breadcrumb\"},\"inLanguage\":\"es\",\"potentialAction\":[{\"@type\":\"ReadAction\",\"target\":[\"https:\/\/quartorojo.cl\/index.php\/producto\/perfume-de-feromonas-amarre-dark-30ml\/\"]}]},{\"@type\":\"ImageObject\",\"inLanguage\":\"es\",\"@id\":\"https:\/\/quartorojo.cl\/index.php\/producto\/perfume-de-feromonas-amarre-dark-30ml\/#primaryimage\",\"url\":\"https:\/\/quartorojo.cl\/wp-content\/uploads\/2026\/01\/feromona-roja-1.png\",\"contentUrl\":\"https:\/\/quartorojo.cl\/wp-content\/uploads\/2026\/01\/feromona-roja-1.png\",\"width\":588,\"height\":585},{\"@type\":\"BreadcrumbList\",\"@id\":\"https:\/\/quartorojo.cl\/index.php\/producto\/perfume-de-feromonas-amarre-dark-30ml\/#breadcrumb\",\"itemListElement\":[{\"@type\":\"ListItem\",\"position\":1,\"name\":\"Portada\",\"item\":\"https:\/\/quartorojo.cl\/\"},{\"@type\":\"ListItem\",\"position\":2,\"name\":\"Tienda\",\"item\":\"https:\/\/quartorojo.cl\/index.php\/tienda\/\"},{\"@type\":\"ListItem\",\"position\":3,\"name\":\"Perfume de Feromonas Amarre Dark 30Ml\"}]},{\"@type\":\"WebSite\",\"@id\":\"https:\/\/quartorojo.cl\/#website\",\"url\":\"https:\/\/quartorojo.cl\/\",\"name\":\"Quartorojo.cl\",\"description\":\"Juguetes \u00cdntimos\",\"publisher\":{\"@id\":\"https:\/\/quartorojo.cl\/#organization\"},\"potentialAction\":[{\"@type\":\"SearchAction\",\"target\":{\"@type\":\"EntryPoint\",\"urlTemplate\":\"https:\/\/quartorojo.cl\/?s={search_term_string}\"},\"query-input\":{\"@type\":\"PropertyValueSpecification\",\"valueRequired\":true,\"valueName\":\"search_term_string\"}}],\"inLanguage\":\"es\"},{\"@type\":\"Organization\",\"@id\":\"https:\/\/quartorojo.cl\/#organization\",\"name\":\"Quarto Rojo\",\"url\":\"https:\/\/quartorojo.cl\/\",\"logo\":{\"@type\":\"ImageObject\",\"inLanguage\":\"es\",\"@id\":\"https:\/\/quartorojo.cl\/#\/schema\/logo\/image\/\",\"url\":\"https:\/\/quartorojo.cl\/wp-content\/uploads\/2025\/10\/LOGOQUARTOROJO2023TRAZADO-scaled.png\",\"contentUrl\":\"https:\/\/quartorojo.cl\/wp-content\/uploads\/2025\/10\/LOGOQUARTOROJO2023TRAZADO-scaled.png\",\"width\":2560,\"height\":2193,\"caption\":\"Quarto Rojo\"},\"image\":{\"@id\":\"https:\/\/quartorojo.cl\/#\/schema\/logo\/image\/\"}}]}<\/script>\n<!-- \/ Yoast SEO plugin. -->","yoast_head_json":{"title":"Perfume de Feromonas Amarre Dark 30Ml - Quarto Rojo","robots":{"index":"index","follow":"follow","max-snippet":"max-snippet:-1","max-image-preview":"max-image-preview:large","max-video-preview":"max-video-preview:-1"},"canonical":"https:\/\/quartorojo.cl\/index.php\/producto\/perfume-de-feromonas-amarre-dark-30ml\/","og_locale":"es_ES","og_type":"article","og_title":"Perfume de Feromonas Amarre Dark 30Ml - Quarto Rojo","og_description":"\u2705Inspiraci\u00f3n \u00a0J\u2019adore\u00a0de Dior  \u2705Perfume de feromonas femenino  \u2705100% concentrada  \u2705Aumenta la atracci\u00f3n  \u2705Atomizador 30 ml","og_url":"https:\/\/quartorojo.cl\/index.php\/producto\/perfume-de-feromonas-amarre-dark-30ml\/","og_site_name":"Quarto Rojo","article_modified_time":"2026-02-19T21:40:54+00:00","og_image":[{"width":588,"height":585,"url":"https:\/\/quartorojo.cl\/wp-content\/uploads\/2026\/01\/feromona-roja-1.png","type":"image\/png"}],"twitter_card":"summary_large_image","twitter_misc":{"Tiempo de lectura":"2 minutos"},"schema":{"@context":"https:\/\/schema.org","@graph":[{"@type":"WebPage","@id":"https:\/\/quartorojo.cl\/index.php\/producto\/perfume-de-feromonas-amarre-dark-30ml\/","url":"https:\/\/quartorojo.cl\/index.php\/producto\/perfume-de-feromonas-amarre-dark-30ml\/","name":"Perfume de Feromonas Amarre Dark 30Ml - Quarto Rojo","isPartOf":{"@id":"https:\/\/quartorojo.cl\/#website"},"primaryImageOfPage":{"@id":"https:\/\/quartorojo.cl\/index.php\/producto\/perfume-de-feromonas-amarre-dark-30ml\/#primaryimage"},"image":{"@id":"https:\/\/quartorojo.cl\/index.php\/producto\/perfume-de-feromonas-amarre-dark-30ml\/#primaryimage"},"thumbnailUrl":"https:\/\/quartorojo.cl\/wp-content\/uploads\/2026\/01\/feromona-roja-1.png","datePublished":"2026-01-28T16:15:26+00:00","dateModified":"2026-02-19T21:40:54+00:00","breadcrumb":{"@id":"https:\/\/quartorojo.cl\/index.php\/producto\/perfume-de-feromonas-amarre-dark-30ml\/#breadcrumb"},"inLanguage":"es","potentialAction":[{"@type":"ReadAction","target":["https:\/\/quartorojo.cl\/index.php\/producto\/perfume-de-feromonas-amarre-dark-30ml\/"]}]},{"@type":"ImageObject","inLanguage":"es","@id":"https:\/\/quartorojo.cl\/index.php\/producto\/perfume-de-feromonas-amarre-dark-30ml\/#primaryimage","url":"https:\/\/quartorojo.cl\/wp-content\/uploads\/2026\/01\/feromona-roja-1.png","contentUrl":"https:\/\/quartorojo.cl\/wp-content\/uploads\/2026\/01\/feromona-roja-1.png","width":588,"height":585},{"@type":"BreadcrumbList","@id":"https:\/\/quartorojo.cl\/index.php\/producto\/perfume-de-feromonas-amarre-dark-30ml\/#breadcrumb","itemListElement":[{"@type":"ListItem","position":1,"name":"Portada","item":"https:\/\/quartorojo.cl\/"},{"@type":"ListItem","position":2,"name":"Tienda","item":"https:\/\/quartorojo.cl\/index.php\/tienda\/"},{"@type":"ListItem","position":3,"name":"Perfume de Feromonas Amarre Dark 30Ml"}]},{"@type":"WebSite","@id":"https:\/\/quartorojo.cl\/#website","url":"https:\/\/quartorojo.cl\/","name":"Quartorojo.cl","description":"Juguetes \u00cdntimos","publisher":{"@id":"https:\/\/quartorojo.cl\/#organization"},"potentialAction":[{"@type":"SearchAction","target":{"@type":"EntryPoint","urlTemplate":"https:\/\/quartorojo.cl\/?s={search_term_string}"},"query-input":{"@type":"PropertyValueSpecification","valueRequired":true,"valueName":"search_term_string"}}],"inLanguage":"es"},{"@type":"Organization","@id":"https:\/\/quartorojo.cl\/#organization","name":"Quarto Rojo","url":"https:\/\/quartorojo.cl\/","logo":{"@type":"ImageObject","inLanguage":"es","@id":"https:\/\/quartorojo.cl\/#\/schema\/logo\/image\/","url":"https:\/\/quartorojo.cl\/wp-content\/uploads\/2025\/10\/LOGOQUARTOROJO2023TRAZADO-scaled.png","contentUrl":"https:\/\/quartorojo.cl\/wp-content\/uploads\/2025\/10\/LOGOQUARTOROJO2023TRAZADO-scaled.png","width":2560,"height":2193,"caption":"Quarto Rojo"},"image":{"@id":"https:\/\/quartorojo.cl\/#\/schema\/logo\/image\/"}}]}},"_links":{"self":[{"href":"https:\/\/quartorojo.cl\/index.php\/wp-json\/wp\/v2\/product\/496","targetHints":{"allow":["GET"]}}],"collection":[{"href":"https:\/\/quartorojo.cl\/index.php\/wp-json\/wp\/v2\/product"}],"about":[{"href":"https:\/\/quartorojo.cl\/index.php\/wp-json\/wp\/v2\/types\/product"}],"replies":[{"embeddable":true,"href":"https:\/\/quartorojo.cl\/index.php\/wp-json\/wp\/v2\/comments?post=496"}],"wp:featuredmedia":[{"embeddable":true,"href":"https:\/\/quartorojo.cl\/index.php\/wp-json\/wp\/v2\/media\/499"}],"wp:attachment":[{"href":"https:\/\/quartorojo.cl\/index.php\/wp-json\/wp\/v2\/media?parent=496"}],"wp:term":[{"taxonomy":"product_brand","embeddable":true,"href":"https:\/\/quartorojo.cl\/index.php\/wp-json\/wp\/v2\/product_brand?post=496"},{"taxonomy":"product_cat","embeddable":true,"href":"https:\/\/quartorojo.cl\/index.php\/wp-json\/wp\/v2\/product_cat?post=496"},{"taxonomy":"product_tag","embeddable":true,"href":"https:\/\/quartorojo.cl\/index.php\/wp-json\/wp\/v2\/product_tag?post=496"}],"curies":[{"name":"wp","href":"https:\/\/api.w.org\/{rel}","templated":true}]}}