{"id":473,"date":"2026-01-26T21:42:21","date_gmt":"2026-01-26T21:42:21","guid":{"rendered":"https:\/\/quartorojo.cl\/?post_type=product&#038;p=473"},"modified":"2026-01-26T21:42:21","modified_gmt":"2026-01-26T21:42:21","slug":"masturbador-masculino-phantom-chisa","status":"publish","type":"product","link":"https:\/\/quartorojo.cl\/index.php\/producto\/masturbador-masculino-phantom-chisa\/","title":{"rendered":"Masturbador masculino Phantom CHISA"},"content":{"rendered":"<p>extura suave y dise\u00f1os alocados, COSY de CHISA es una l\u00ednea de masturbadores que se alejan del est\u00e1ndar real y juegan con colores y formas mas atrevidas.<\/p>\n<p>Su estructura interna es ideal para estimular el pene con cada penetraci\u00f3n, todo esto acompa\u00f1ado de un peque\u00f1o sobre de lubricante, para tener un placer al inmediato de su llegada.<\/p>\n<p>Gracias a su sutil dise\u00f1o, tama\u00f1o mediano y colores vivos, la l\u00ednea COSY es ideal para los usuarios m\u00e1s precavidos, evitando explicidad.<\/p>\n<p>&nbsp;<\/p>\n<p><strong>Caracter\u00edsticas<\/strong>:<\/p>\n<ul>\n<li>Color: Rosa<\/li>\n<li>Tama\u00f1o:<\/li>\n<li>Longitud total 7,8 cm<\/li>\n<li>Longitud insertable 7,8 cm<\/li>\n<li>Di\u00e1metro max. 10 cm<\/li>\n<li>Funciones de modelo: Masturbador<\/li>\n<li>Material: T-Skin<\/li>\n<li>Certificaci\u00f3n: CE<\/li>\n<li>Aprueba de agua: Si<\/li>\n<\/ul>\n<p>&nbsp;<\/p>\n<p><strong>Recomendaciones de uso:<\/strong><\/p>\n<ul>\n<li>L\u00e1valo antes y despu\u00e9s de utilizarlo con agua tibia y jab\u00f3n<\/li>\n<li>Si es de uso personal con tu pareja, no necesitas preservativo para utilizarlo<\/li>\n<li>Siempre gu\u00e1rdalo seco y en un lugar sin humedad<\/li>\n<li>Se recomienda no sumergirlo por mucho tiempo en el agua para evitar problemas<\/li>\n<li>Siempre debes guardarlo solo, sin ning\u00fan otro juguete, para que ninguno de los dos se estropee<\/li>\n<\/ul>\n","protected":false},"excerpt":{"rendered":"<p><strong>Caracter\u00edsticas<\/strong>:<\/p>\n<ul>\n<li>Color: Rosa<\/li>\n<li>Tama\u00f1o:<\/li>\n<li>Longitud total 7,8 cm<\/li>\n<li>Longitud insertable 7,8 cm<\/li>\n<li>Di\u00e1metro max. 10 cm<\/li>\n<li>Funciones de modelo: Masturbador<\/li>\n<li>Material: T-Skin<\/li>\n<li>Certificaci\u00f3n: CE<\/li>\n<li>Aprueba de agua: Si<\/li>\n<\/ul>\n<p>&nbsp;<\/p>\n<p><strong>Recomendaciones de uso:<\/strong><\/p>\n<ul>\n<li>L\u00e1valo antes y despu\u00e9s de utilizarlo con agua tibia y jab\u00f3n<\/li>\n<li>Si es de uso personal con tu pareja, no necesitas preservativo para utilizarlo<\/li>\n<li>Siempre gu\u00e1rdalo seco y en un lugar sin humedad<\/li>\n<li>Se recomienda no sumergirlo por mucho tiempo en el agua para evitar problemas<\/li>\n<li>Siempre debes guardarlo solo, sin ning\u00fan otro juguete, para que ninguno de los dos se estropee<\/li>\n<\/ul>\n","protected":false},"featured_media":474,"comment_status":"open","ping_status":"closed","template":"","meta":[],"product_brand":[],"product_cat":[15],"product_tag":[],"class_list":{"0":"post-473","1":"product","2":"type-product","3":"status-publish","4":"has-post-thumbnail","6":"product_cat-sin-categorizar","8":"first","9":"instock","10":"shipping-taxable","11":"purchasable","12":"product-type-simple"},"yoast_head":"<!-- This site is optimized with the Yoast SEO plugin v26.8 - https:\/\/yoast.com\/product\/yoast-seo-wordpress\/ -->\n<title>Masturbador masculino Phantom CHISA - Quarto Rojo<\/title>\n<meta name=\"robots\" content=\"index, follow, max-snippet:-1, max-image-preview:large, max-video-preview:-1\" \/>\n<link rel=\"canonical\" href=\"https:\/\/quartorojo.cl\/index.php\/producto\/masturbador-masculino-phantom-chisa\/\" \/>\n<meta property=\"og:locale\" content=\"es_ES\" \/>\n<meta property=\"og:type\" content=\"article\" \/>\n<meta property=\"og:title\" content=\"Masturbador masculino Phantom CHISA - Quarto Rojo\" \/>\n<meta property=\"og:description\" content=\"Caracter\u00edsticas:   Color: Rosa  Tama\u00f1o:  Longitud total 7,8 cm  Longitud insertable 7,8 cm  Di\u00e1metro max. 10 cm  Funciones de modelo: Masturbador  Material: T-Skin  Certificaci\u00f3n: CE  Aprueba de agua: Si  &nbsp;  Recomendaciones de uso:   L\u00e1valo antes y despu\u00e9s de utilizarlo con agua tibia y jab\u00f3n  Si es de uso personal con tu pareja, no necesitas preservativo para utilizarlo  Siempre gu\u00e1rdalo seco y en un lugar sin humedad  Se recomienda no sumergirlo por mucho tiempo en el agua para evitar problemas  Siempre debes guardarlo solo, sin ning\u00fan otro juguete, para que ninguno de los dos se estropee\" \/>\n<meta property=\"og:url\" content=\"https:\/\/quartorojo.cl\/index.php\/producto\/masturbador-masculino-phantom-chisa\/\" \/>\n<meta property=\"og:site_name\" content=\"Quarto Rojo\" \/>\n<meta property=\"og:image\" content=\"https:\/\/quartorojo.cl\/wp-content\/uploads\/2026\/01\/MASTURBADOR.png\" \/>\n\t<meta property=\"og:image:width\" content=\"860\" \/>\n\t<meta property=\"og:image:height\" content=\"856\" \/>\n\t<meta property=\"og:image:type\" content=\"image\/png\" \/>\n<meta name=\"twitter:card\" content=\"summary_large_image\" \/>\n<meta name=\"twitter:label1\" content=\"Tiempo de lectura\" \/>\n\t<meta name=\"twitter:data1\" content=\"1 minuto\" \/>\n<script type=\"application\/ld+json\" class=\"yoast-schema-graph\">{\"@context\":\"https:\/\/schema.org\",\"@graph\":[{\"@type\":\"WebPage\",\"@id\":\"https:\/\/quartorojo.cl\/index.php\/producto\/masturbador-masculino-phantom-chisa\/\",\"url\":\"https:\/\/quartorojo.cl\/index.php\/producto\/masturbador-masculino-phantom-chisa\/\",\"name\":\"Masturbador masculino Phantom CHISA - Quarto Rojo\",\"isPartOf\":{\"@id\":\"https:\/\/quartorojo.cl\/#website\"},\"primaryImageOfPage\":{\"@id\":\"https:\/\/quartorojo.cl\/index.php\/producto\/masturbador-masculino-phantom-chisa\/#primaryimage\"},\"image\":{\"@id\":\"https:\/\/quartorojo.cl\/index.php\/producto\/masturbador-masculino-phantom-chisa\/#primaryimage\"},\"thumbnailUrl\":\"https:\/\/quartorojo.cl\/wp-content\/uploads\/2026\/01\/MASTURBADOR.png\",\"datePublished\":\"2026-01-26T21:42:21+00:00\",\"breadcrumb\":{\"@id\":\"https:\/\/quartorojo.cl\/index.php\/producto\/masturbador-masculino-phantom-chisa\/#breadcrumb\"},\"inLanguage\":\"es\",\"potentialAction\":[{\"@type\":\"ReadAction\",\"target\":[\"https:\/\/quartorojo.cl\/index.php\/producto\/masturbador-masculino-phantom-chisa\/\"]}]},{\"@type\":\"ImageObject\",\"inLanguage\":\"es\",\"@id\":\"https:\/\/quartorojo.cl\/index.php\/producto\/masturbador-masculino-phantom-chisa\/#primaryimage\",\"url\":\"https:\/\/quartorojo.cl\/wp-content\/uploads\/2026\/01\/MASTURBADOR.png\",\"contentUrl\":\"https:\/\/quartorojo.cl\/wp-content\/uploads\/2026\/01\/MASTURBADOR.png\",\"width\":860,\"height\":856},{\"@type\":\"BreadcrumbList\",\"@id\":\"https:\/\/quartorojo.cl\/index.php\/producto\/masturbador-masculino-phantom-chisa\/#breadcrumb\",\"itemListElement\":[{\"@type\":\"ListItem\",\"position\":1,\"name\":\"Portada\",\"item\":\"https:\/\/quartorojo.cl\/\"},{\"@type\":\"ListItem\",\"position\":2,\"name\":\"Tienda\",\"item\":\"https:\/\/quartorojo.cl\/index.php\/tienda\/\"},{\"@type\":\"ListItem\",\"position\":3,\"name\":\"Masturbador masculino Phantom CHISA\"}]},{\"@type\":\"WebSite\",\"@id\":\"https:\/\/quartorojo.cl\/#website\",\"url\":\"https:\/\/quartorojo.cl\/\",\"name\":\"Quartorojo.cl\",\"description\":\"Juguetes \u00cdntimos\",\"publisher\":{\"@id\":\"https:\/\/quartorojo.cl\/#organization\"},\"potentialAction\":[{\"@type\":\"SearchAction\",\"target\":{\"@type\":\"EntryPoint\",\"urlTemplate\":\"https:\/\/quartorojo.cl\/?s={search_term_string}\"},\"query-input\":{\"@type\":\"PropertyValueSpecification\",\"valueRequired\":true,\"valueName\":\"search_term_string\"}}],\"inLanguage\":\"es\"},{\"@type\":\"Organization\",\"@id\":\"https:\/\/quartorojo.cl\/#organization\",\"name\":\"Quarto Rojo\",\"url\":\"https:\/\/quartorojo.cl\/\",\"logo\":{\"@type\":\"ImageObject\",\"inLanguage\":\"es\",\"@id\":\"https:\/\/quartorojo.cl\/#\/schema\/logo\/image\/\",\"url\":\"https:\/\/quartorojo.cl\/wp-content\/uploads\/2025\/10\/LOGOQUARTOROJO2023TRAZADO-scaled.png\",\"contentUrl\":\"https:\/\/quartorojo.cl\/wp-content\/uploads\/2025\/10\/LOGOQUARTOROJO2023TRAZADO-scaled.png\",\"width\":2560,\"height\":2193,\"caption\":\"Quarto Rojo\"},\"image\":{\"@id\":\"https:\/\/quartorojo.cl\/#\/schema\/logo\/image\/\"}}]}<\/script>\n<!-- \/ Yoast SEO plugin. -->","yoast_head_json":{"title":"Masturbador masculino Phantom CHISA - Quarto Rojo","robots":{"index":"index","follow":"follow","max-snippet":"max-snippet:-1","max-image-preview":"max-image-preview:large","max-video-preview":"max-video-preview:-1"},"canonical":"https:\/\/quartorojo.cl\/index.php\/producto\/masturbador-masculino-phantom-chisa\/","og_locale":"es_ES","og_type":"article","og_title":"Masturbador masculino Phantom CHISA - Quarto Rojo","og_description":"Caracter\u00edsticas:   Color: Rosa  Tama\u00f1o:  Longitud total 7,8 cm  Longitud insertable 7,8 cm  Di\u00e1metro max. 10 cm  Funciones de modelo: Masturbador  Material: T-Skin  Certificaci\u00f3n: CE  Aprueba de agua: Si  &nbsp;  Recomendaciones de uso:   L\u00e1valo antes y despu\u00e9s de utilizarlo con agua tibia y jab\u00f3n  Si es de uso personal con tu pareja, no necesitas preservativo para utilizarlo  Siempre gu\u00e1rdalo seco y en un lugar sin humedad  Se recomienda no sumergirlo por mucho tiempo en el agua para evitar problemas  Siempre debes guardarlo solo, sin ning\u00fan otro juguete, para que ninguno de los dos se estropee","og_url":"https:\/\/quartorojo.cl\/index.php\/producto\/masturbador-masculino-phantom-chisa\/","og_site_name":"Quarto Rojo","og_image":[{"width":860,"height":856,"url":"https:\/\/quartorojo.cl\/wp-content\/uploads\/2026\/01\/MASTURBADOR.png","type":"image\/png"}],"twitter_card":"summary_large_image","twitter_misc":{"Tiempo de lectura":"1 minuto"},"schema":{"@context":"https:\/\/schema.org","@graph":[{"@type":"WebPage","@id":"https:\/\/quartorojo.cl\/index.php\/producto\/masturbador-masculino-phantom-chisa\/","url":"https:\/\/quartorojo.cl\/index.php\/producto\/masturbador-masculino-phantom-chisa\/","name":"Masturbador masculino Phantom CHISA - Quarto Rojo","isPartOf":{"@id":"https:\/\/quartorojo.cl\/#website"},"primaryImageOfPage":{"@id":"https:\/\/quartorojo.cl\/index.php\/producto\/masturbador-masculino-phantom-chisa\/#primaryimage"},"image":{"@id":"https:\/\/quartorojo.cl\/index.php\/producto\/masturbador-masculino-phantom-chisa\/#primaryimage"},"thumbnailUrl":"https:\/\/quartorojo.cl\/wp-content\/uploads\/2026\/01\/MASTURBADOR.png","datePublished":"2026-01-26T21:42:21+00:00","breadcrumb":{"@id":"https:\/\/quartorojo.cl\/index.php\/producto\/masturbador-masculino-phantom-chisa\/#breadcrumb"},"inLanguage":"es","potentialAction":[{"@type":"ReadAction","target":["https:\/\/quartorojo.cl\/index.php\/producto\/masturbador-masculino-phantom-chisa\/"]}]},{"@type":"ImageObject","inLanguage":"es","@id":"https:\/\/quartorojo.cl\/index.php\/producto\/masturbador-masculino-phantom-chisa\/#primaryimage","url":"https:\/\/quartorojo.cl\/wp-content\/uploads\/2026\/01\/MASTURBADOR.png","contentUrl":"https:\/\/quartorojo.cl\/wp-content\/uploads\/2026\/01\/MASTURBADOR.png","width":860,"height":856},{"@type":"BreadcrumbList","@id":"https:\/\/quartorojo.cl\/index.php\/producto\/masturbador-masculino-phantom-chisa\/#breadcrumb","itemListElement":[{"@type":"ListItem","position":1,"name":"Portada","item":"https:\/\/quartorojo.cl\/"},{"@type":"ListItem","position":2,"name":"Tienda","item":"https:\/\/quartorojo.cl\/index.php\/tienda\/"},{"@type":"ListItem","position":3,"name":"Masturbador masculino Phantom CHISA"}]},{"@type":"WebSite","@id":"https:\/\/quartorojo.cl\/#website","url":"https:\/\/quartorojo.cl\/","name":"Quartorojo.cl","description":"Juguetes \u00cdntimos","publisher":{"@id":"https:\/\/quartorojo.cl\/#organization"},"potentialAction":[{"@type":"SearchAction","target":{"@type":"EntryPoint","urlTemplate":"https:\/\/quartorojo.cl\/?s={search_term_string}"},"query-input":{"@type":"PropertyValueSpecification","valueRequired":true,"valueName":"search_term_string"}}],"inLanguage":"es"},{"@type":"Organization","@id":"https:\/\/quartorojo.cl\/#organization","name":"Quarto Rojo","url":"https:\/\/quartorojo.cl\/","logo":{"@type":"ImageObject","inLanguage":"es","@id":"https:\/\/quartorojo.cl\/#\/schema\/logo\/image\/","url":"https:\/\/quartorojo.cl\/wp-content\/uploads\/2025\/10\/LOGOQUARTOROJO2023TRAZADO-scaled.png","contentUrl":"https:\/\/quartorojo.cl\/wp-content\/uploads\/2025\/10\/LOGOQUARTOROJO2023TRAZADO-scaled.png","width":2560,"height":2193,"caption":"Quarto Rojo"},"image":{"@id":"https:\/\/quartorojo.cl\/#\/schema\/logo\/image\/"}}]}},"_links":{"self":[{"href":"https:\/\/quartorojo.cl\/index.php\/wp-json\/wp\/v2\/product\/473","targetHints":{"allow":["GET"]}}],"collection":[{"href":"https:\/\/quartorojo.cl\/index.php\/wp-json\/wp\/v2\/product"}],"about":[{"href":"https:\/\/quartorojo.cl\/index.php\/wp-json\/wp\/v2\/types\/product"}],"replies":[{"embeddable":true,"href":"https:\/\/quartorojo.cl\/index.php\/wp-json\/wp\/v2\/comments?post=473"}],"wp:featuredmedia":[{"embeddable":true,"href":"https:\/\/quartorojo.cl\/index.php\/wp-json\/wp\/v2\/media\/474"}],"wp:attachment":[{"href":"https:\/\/quartorojo.cl\/index.php\/wp-json\/wp\/v2\/media?parent=473"}],"wp:term":[{"taxonomy":"product_brand","embeddable":true,"href":"https:\/\/quartorojo.cl\/index.php\/wp-json\/wp\/v2\/product_brand?post=473"},{"taxonomy":"product_cat","embeddable":true,"href":"https:\/\/quartorojo.cl\/index.php\/wp-json\/wp\/v2\/product_cat?post=473"},{"taxonomy":"product_tag","embeddable":true,"href":"https:\/\/quartorojo.cl\/index.php\/wp-json\/wp\/v2\/product_tag?post=473"}],"curies":[{"name":"wp","href":"https:\/\/api.w.org\/{rel}","templated":true}]}}