{"id":291,"date":"2025-11-07T19:24:26","date_gmt":"2025-11-07T19:24:26","guid":{"rendered":"https:\/\/quartorojo.cl\/?post_type=product&#038;p=291"},"modified":"2025-11-07T19:24:26","modified_gmt":"2025-11-07T19:24:26","slug":"lubricante-neutro-extreme","status":"publish","type":"product","link":"https:\/\/quartorojo.cl\/index.php\/producto\/lubricante-neutro-extreme\/","title":{"rendered":"Lubricante Neutro Extreme"},"content":{"rendered":"<p class=\"ds-markdown-paragraph\"><strong>Extreme \u2013 Lubricante Neutro Extra Sedoso (5ml)<\/strong><\/p>\n<p><strong>M\u00e1ximo rendimiento en la m\u00ednima dosis.<\/strong><\/p>\n<p class=\"ds-markdown-paragraph\"><strong>Extreme<\/strong>\u00a0es un lubricante \u00edntimo de\u00a0<strong>textura ultra sedosa<\/strong>\u00a0y efecto neutro, dise\u00f1ado para ofrecer una lubricaci\u00f3n\u00a0<strong>extralarga y resistente<\/strong>\u00a0incluso con la cantidad m\u00e1s compacta. En un pr\u00e1ctico sachet de\u00a0<strong>5ml<\/strong>, descubrir\u00e1s que menos es m\u00e1s: su f\u00f3rmula avanzada se adhiere a la piel sin absorberse r\u00e1pidamente, garantizando horas de deslizamiento suave y sin interrupciones.<\/p>\n<p class=\"ds-markdown-paragraph\"><strong>\u00bfPor qu\u00e9 es Extreme?<\/strong><\/p>\n<ul>\n<li>\n<p class=\"ds-markdown-paragraph\"><strong><img decoding=\"async\" class=\"emoji\" role=\"img\" draggable=\"false\" src=\"https:\/\/s.w.org\/images\/core\/emoji\/16.0.1\/svg\/2705.svg\" alt=\"\u2705\" \/>Duraci\u00f3n superior:<\/strong>\u00a0Resistente al secado y a la fricci\u00f3n intensa.<\/p>\n<\/li>\n<li>\n<p class=\"ds-markdown-paragraph\"><strong><img decoding=\"async\" class=\"emoji\" role=\"img\" draggable=\"false\" src=\"https:\/\/s.w.org\/images\/core\/emoji\/16.0.1\/svg\/2705.svg\" alt=\"\u2705\" \/>Textura de lujo:<\/strong>\u00a0Sensaci\u00f3n sedosa que perdura sin engomarse.<\/p>\n<\/li>\n<li>\n<p class=\"ds-markdown-paragraph\"><strong><img decoding=\"async\" class=\"emoji\" role=\"img\" draggable=\"false\" src=\"https:\/\/s.w.org\/images\/core\/emoji\/16.0.1\/svg\/2705.svg\" alt=\"\u2705\" \/>Multiusos:<\/strong>\u00a0Ideal para anal, vaginal, juguetes o masajes.<\/p>\n<\/li>\n<li>\n<p class=\"ds-markdown-paragraph\"><strong><img decoding=\"async\" class=\"emoji\" role=\"img\" draggable=\"false\" src=\"https:\/\/s.w.org\/images\/core\/emoji\/16.0.1\/svg\/2705.svg\" alt=\"\u2705\" \/>Pr\u00e1ctico:<\/strong>\u00a0Sachet individual para llevar discretamente a cualquier parte.<\/p>\n<\/li>\n<\/ul>\n<p>&nbsp;<\/p>\n<p class=\"ds-markdown-paragraph\"><strong>Modo de uso:<\/strong><\/p>\n<p>Abre el sachet y aplica la cantidad necesaria.<\/p>\n<p>\u00a1Una peque\u00f1a porci\u00f3n rinde para toda la sesi\u00f3n!<\/p>\n<p class=\"ds-markdown-paragraph\"><strong>Extreme: Potencia concentrada, placer extremo.<\/strong><\/p>\n<p>&nbsp;<\/p>\n<p class=\"ds-markdown-paragraph\"><strong>Perfecto para:<\/strong><\/p>\n<ul>\n<li>\n<p class=\"ds-markdown-paragraph\">Quienes buscan eficiencia y durabilidad.<\/p>\n<\/li>\n<li>\n<p class=\"ds-markdown-paragraph\">Viajes, citas improvisadas o emergencias \u00edntimas.<\/p>\n<\/li>\n<li>\n<p class=\"ds-markdown-paragraph\">Experimentar lubricaci\u00f3n premium sin comprar un frasco grande.<\/p>\n<\/li>\n<\/ul>\n<p class=\"ds-markdown-paragraph\">\u00a1Vive sin l\u00edmites con el lubricante que desaf\u00eda el tiempo!\u00a0<img decoding=\"async\" class=\"emoji\" role=\"img\" draggable=\"false\" src=\"https:\/\/s.w.org\/images\/core\/emoji\/16.0.1\/svg\/23f3.svg\" alt=\"\u23f3\" \/><img decoding=\"async\" class=\"emoji\" role=\"img\" draggable=\"false\" src=\"https:\/\/s.w.org\/images\/core\/emoji\/16.0.1\/svg\/2728.svg\" alt=\"\u2728\" \/><\/p>\n<p>&nbsp;<\/p>\n<p><strong>Caracter\u00edsticas<\/strong>:<\/p>\n<ul class=\"lte-list\">\n<li>Color: Transparente<\/li>\n<li>Tama\u00f1o: 5ml<\/li>\n<li>Funciones de modelo: Lubricante neutro ultra sedoso<\/li>\n<li>Certificaci\u00f3n: CE<\/li>\n<li>Presentaci\u00f3n:1 sobre con 5ML<\/li>\n<\/ul>\n","protected":false},"excerpt":{"rendered":"<ul>\n<li>\n<p class=\"ds-markdown-paragraph\"><strong><img decoding=\"async\" class=\"emoji\" role=\"img\" draggable=\"false\" src=\"https:\/\/s.w.org\/images\/core\/emoji\/16.0.1\/svg\/2705.svg\" alt=\"\u2705\" \/>Duraci\u00f3n superior:<\/strong>\u00a0Resistente al secado y a la fricci\u00f3n intensa.<\/p>\n<\/li>\n<li>\n<p class=\"ds-markdown-paragraph\"><strong><img decoding=\"async\" class=\"emoji\" role=\"img\" draggable=\"false\" src=\"https:\/\/s.w.org\/images\/core\/emoji\/16.0.1\/svg\/2705.svg\" alt=\"\u2705\" \/>Textura de lujo:<\/strong>\u00a0Sensaci\u00f3n sedosa que perdura sin engomarse.<\/p>\n<\/li>\n<li>\n<p class=\"ds-markdown-paragraph\"><strong><img decoding=\"async\" class=\"emoji\" role=\"img\" draggable=\"false\" src=\"https:\/\/s.w.org\/images\/core\/emoji\/16.0.1\/svg\/2705.svg\" alt=\"\u2705\" \/>Multiusos:<\/strong>\u00a0Ideal para anal, vaginal, juguetes o masajes.<\/p>\n<\/li>\n<li>\n<p class=\"ds-markdown-paragraph\"><strong><img decoding=\"async\" class=\"emoji\" role=\"img\" draggable=\"false\" src=\"https:\/\/s.w.org\/images\/core\/emoji\/16.0.1\/svg\/2705.svg\" alt=\"\u2705\" \/>Pr\u00e1ctico:<\/strong>\u00a0Sachet individual para llevar discretamente a cualquier parte.<\/p>\n<\/li>\n<\/ul>\n","protected":false},"featured_media":292,"comment_status":"open","ping_status":"closed","template":"","meta":[],"product_brand":[],"product_cat":[21],"product_tag":[],"class_list":{"0":"post-291","1":"product","2":"type-product","3":"status-publish","4":"has-post-thumbnail","6":"product_cat-cosmetica","8":"first","9":"instock","10":"shipping-taxable","11":"purchasable","12":"product-type-simple"},"yoast_head":"<!-- This site is optimized with the Yoast SEO plugin v26.8 - https:\/\/yoast.com\/product\/yoast-seo-wordpress\/ -->\n<title>Lubricante Neutro Extreme - Quarto Rojo<\/title>\n<meta name=\"robots\" content=\"index, follow, max-snippet:-1, max-image-preview:large, max-video-preview:-1\" \/>\n<link rel=\"canonical\" href=\"https:\/\/quartorojo.cl\/index.php\/producto\/lubricante-neutro-extreme\/\" \/>\n<meta property=\"og:locale\" content=\"es_ES\" \/>\n<meta property=\"og:type\" content=\"article\" \/>\n<meta property=\"og:title\" content=\"Lubricante Neutro Extreme - Quarto Rojo\" \/>\n<meta property=\"og:description\" content=\"Duraci\u00f3n superior:\u00a0Resistente al secado y a la fricci\u00f3n intensa.    Textura de lujo:\u00a0Sensaci\u00f3n sedosa que perdura sin engomarse.    Multiusos:\u00a0Ideal para anal, vaginal, juguetes o masajes.    Pr\u00e1ctico:\u00a0Sachet individual para llevar discretamente a cualquier parte.\" \/>\n<meta property=\"og:url\" content=\"https:\/\/quartorojo.cl\/index.php\/producto\/lubricante-neutro-extreme\/\" \/>\n<meta property=\"og:site_name\" content=\"Quarto Rojo\" \/>\n<meta property=\"og:image\" content=\"https:\/\/quartorojo.cl\/wp-content\/uploads\/2025\/11\/1-26.jpg\" \/>\n\t<meta property=\"og:image:width\" content=\"391\" \/>\n\t<meta property=\"og:image:height\" content=\"555\" \/>\n\t<meta property=\"og:image:type\" content=\"image\/jpeg\" \/>\n<meta name=\"twitter:card\" content=\"summary_large_image\" \/>\n<meta name=\"twitter:label1\" content=\"Tiempo de lectura\" \/>\n\t<meta name=\"twitter:data1\" content=\"3 minutos\" \/>\n<script type=\"application\/ld+json\" class=\"yoast-schema-graph\">{\"@context\":\"https:\/\/schema.org\",\"@graph\":[{\"@type\":\"WebPage\",\"@id\":\"https:\/\/quartorojo.cl\/index.php\/producto\/lubricante-neutro-extreme\/\",\"url\":\"https:\/\/quartorojo.cl\/index.php\/producto\/lubricante-neutro-extreme\/\",\"name\":\"Lubricante Neutro Extreme - Quarto Rojo\",\"isPartOf\":{\"@id\":\"https:\/\/quartorojo.cl\/#website\"},\"primaryImageOfPage\":{\"@id\":\"https:\/\/quartorojo.cl\/index.php\/producto\/lubricante-neutro-extreme\/#primaryimage\"},\"image\":{\"@id\":\"https:\/\/quartorojo.cl\/index.php\/producto\/lubricante-neutro-extreme\/#primaryimage\"},\"thumbnailUrl\":\"https:\/\/quartorojo.cl\/wp-content\/uploads\/2025\/11\/1-26.jpg\",\"datePublished\":\"2025-11-07T19:24:26+00:00\",\"breadcrumb\":{\"@id\":\"https:\/\/quartorojo.cl\/index.php\/producto\/lubricante-neutro-extreme\/#breadcrumb\"},\"inLanguage\":\"es\",\"potentialAction\":[{\"@type\":\"ReadAction\",\"target\":[\"https:\/\/quartorojo.cl\/index.php\/producto\/lubricante-neutro-extreme\/\"]}]},{\"@type\":\"ImageObject\",\"inLanguage\":\"es\",\"@id\":\"https:\/\/quartorojo.cl\/index.php\/producto\/lubricante-neutro-extreme\/#primaryimage\",\"url\":\"https:\/\/quartorojo.cl\/wp-content\/uploads\/2025\/11\/1-26.jpg\",\"contentUrl\":\"https:\/\/quartorojo.cl\/wp-content\/uploads\/2025\/11\/1-26.jpg\",\"width\":391,\"height\":555},{\"@type\":\"BreadcrumbList\",\"@id\":\"https:\/\/quartorojo.cl\/index.php\/producto\/lubricante-neutro-extreme\/#breadcrumb\",\"itemListElement\":[{\"@type\":\"ListItem\",\"position\":1,\"name\":\"Portada\",\"item\":\"https:\/\/quartorojo.cl\/\"},{\"@type\":\"ListItem\",\"position\":2,\"name\":\"Tienda\",\"item\":\"https:\/\/quartorojo.cl\/index.php\/tienda\/\"},{\"@type\":\"ListItem\",\"position\":3,\"name\":\"Lubricante Neutro Extreme\"}]},{\"@type\":\"WebSite\",\"@id\":\"https:\/\/quartorojo.cl\/#website\",\"url\":\"https:\/\/quartorojo.cl\/\",\"name\":\"Quartorojo.cl\",\"description\":\"Juguetes \u00cdntimos\",\"publisher\":{\"@id\":\"https:\/\/quartorojo.cl\/#organization\"},\"potentialAction\":[{\"@type\":\"SearchAction\",\"target\":{\"@type\":\"EntryPoint\",\"urlTemplate\":\"https:\/\/quartorojo.cl\/?s={search_term_string}\"},\"query-input\":{\"@type\":\"PropertyValueSpecification\",\"valueRequired\":true,\"valueName\":\"search_term_string\"}}],\"inLanguage\":\"es\"},{\"@type\":\"Organization\",\"@id\":\"https:\/\/quartorojo.cl\/#organization\",\"name\":\"Quarto Rojo\",\"url\":\"https:\/\/quartorojo.cl\/\",\"logo\":{\"@type\":\"ImageObject\",\"inLanguage\":\"es\",\"@id\":\"https:\/\/quartorojo.cl\/#\/schema\/logo\/image\/\",\"url\":\"https:\/\/quartorojo.cl\/wp-content\/uploads\/2025\/10\/LOGOQUARTOROJO2023TRAZADO-scaled.png\",\"contentUrl\":\"https:\/\/quartorojo.cl\/wp-content\/uploads\/2025\/10\/LOGOQUARTOROJO2023TRAZADO-scaled.png\",\"width\":2560,\"height\":2193,\"caption\":\"Quarto Rojo\"},\"image\":{\"@id\":\"https:\/\/quartorojo.cl\/#\/schema\/logo\/image\/\"}}]}<\/script>\n<!-- \/ Yoast SEO plugin. -->","yoast_head_json":{"title":"Lubricante Neutro Extreme - Quarto Rojo","robots":{"index":"index","follow":"follow","max-snippet":"max-snippet:-1","max-image-preview":"max-image-preview:large","max-video-preview":"max-video-preview:-1"},"canonical":"https:\/\/quartorojo.cl\/index.php\/producto\/lubricante-neutro-extreme\/","og_locale":"es_ES","og_type":"article","og_title":"Lubricante Neutro Extreme - Quarto Rojo","og_description":"Duraci\u00f3n superior:\u00a0Resistente al secado y a la fricci\u00f3n intensa.    Textura de lujo:\u00a0Sensaci\u00f3n sedosa que perdura sin engomarse.    Multiusos:\u00a0Ideal para anal, vaginal, juguetes o masajes.    Pr\u00e1ctico:\u00a0Sachet individual para llevar discretamente a cualquier parte.","og_url":"https:\/\/quartorojo.cl\/index.php\/producto\/lubricante-neutro-extreme\/","og_site_name":"Quarto Rojo","og_image":[{"width":391,"height":555,"url":"https:\/\/quartorojo.cl\/wp-content\/uploads\/2025\/11\/1-26.jpg","type":"image\/jpeg"}],"twitter_card":"summary_large_image","twitter_misc":{"Tiempo de lectura":"3 minutos"},"schema":{"@context":"https:\/\/schema.org","@graph":[{"@type":"WebPage","@id":"https:\/\/quartorojo.cl\/index.php\/producto\/lubricante-neutro-extreme\/","url":"https:\/\/quartorojo.cl\/index.php\/producto\/lubricante-neutro-extreme\/","name":"Lubricante Neutro Extreme - Quarto Rojo","isPartOf":{"@id":"https:\/\/quartorojo.cl\/#website"},"primaryImageOfPage":{"@id":"https:\/\/quartorojo.cl\/index.php\/producto\/lubricante-neutro-extreme\/#primaryimage"},"image":{"@id":"https:\/\/quartorojo.cl\/index.php\/producto\/lubricante-neutro-extreme\/#primaryimage"},"thumbnailUrl":"https:\/\/quartorojo.cl\/wp-content\/uploads\/2025\/11\/1-26.jpg","datePublished":"2025-11-07T19:24:26+00:00","breadcrumb":{"@id":"https:\/\/quartorojo.cl\/index.php\/producto\/lubricante-neutro-extreme\/#breadcrumb"},"inLanguage":"es","potentialAction":[{"@type":"ReadAction","target":["https:\/\/quartorojo.cl\/index.php\/producto\/lubricante-neutro-extreme\/"]}]},{"@type":"ImageObject","inLanguage":"es","@id":"https:\/\/quartorojo.cl\/index.php\/producto\/lubricante-neutro-extreme\/#primaryimage","url":"https:\/\/quartorojo.cl\/wp-content\/uploads\/2025\/11\/1-26.jpg","contentUrl":"https:\/\/quartorojo.cl\/wp-content\/uploads\/2025\/11\/1-26.jpg","width":391,"height":555},{"@type":"BreadcrumbList","@id":"https:\/\/quartorojo.cl\/index.php\/producto\/lubricante-neutro-extreme\/#breadcrumb","itemListElement":[{"@type":"ListItem","position":1,"name":"Portada","item":"https:\/\/quartorojo.cl\/"},{"@type":"ListItem","position":2,"name":"Tienda","item":"https:\/\/quartorojo.cl\/index.php\/tienda\/"},{"@type":"ListItem","position":3,"name":"Lubricante Neutro Extreme"}]},{"@type":"WebSite","@id":"https:\/\/quartorojo.cl\/#website","url":"https:\/\/quartorojo.cl\/","name":"Quartorojo.cl","description":"Juguetes \u00cdntimos","publisher":{"@id":"https:\/\/quartorojo.cl\/#organization"},"potentialAction":[{"@type":"SearchAction","target":{"@type":"EntryPoint","urlTemplate":"https:\/\/quartorojo.cl\/?s={search_term_string}"},"query-input":{"@type":"PropertyValueSpecification","valueRequired":true,"valueName":"search_term_string"}}],"inLanguage":"es"},{"@type":"Organization","@id":"https:\/\/quartorojo.cl\/#organization","name":"Quarto Rojo","url":"https:\/\/quartorojo.cl\/","logo":{"@type":"ImageObject","inLanguage":"es","@id":"https:\/\/quartorojo.cl\/#\/schema\/logo\/image\/","url":"https:\/\/quartorojo.cl\/wp-content\/uploads\/2025\/10\/LOGOQUARTOROJO2023TRAZADO-scaled.png","contentUrl":"https:\/\/quartorojo.cl\/wp-content\/uploads\/2025\/10\/LOGOQUARTOROJO2023TRAZADO-scaled.png","width":2560,"height":2193,"caption":"Quarto Rojo"},"image":{"@id":"https:\/\/quartorojo.cl\/#\/schema\/logo\/image\/"}}]}},"_links":{"self":[{"href":"https:\/\/quartorojo.cl\/index.php\/wp-json\/wp\/v2\/product\/291","targetHints":{"allow":["GET"]}}],"collection":[{"href":"https:\/\/quartorojo.cl\/index.php\/wp-json\/wp\/v2\/product"}],"about":[{"href":"https:\/\/quartorojo.cl\/index.php\/wp-json\/wp\/v2\/types\/product"}],"replies":[{"embeddable":true,"href":"https:\/\/quartorojo.cl\/index.php\/wp-json\/wp\/v2\/comments?post=291"}],"wp:featuredmedia":[{"embeddable":true,"href":"https:\/\/quartorojo.cl\/index.php\/wp-json\/wp\/v2\/media\/292"}],"wp:attachment":[{"href":"https:\/\/quartorojo.cl\/index.php\/wp-json\/wp\/v2\/media?parent=291"}],"wp:term":[{"taxonomy":"product_brand","embeddable":true,"href":"https:\/\/quartorojo.cl\/index.php\/wp-json\/wp\/v2\/product_brand?post=291"},{"taxonomy":"product_cat","embeddable":true,"href":"https:\/\/quartorojo.cl\/index.php\/wp-json\/wp\/v2\/product_cat?post=291"},{"taxonomy":"product_tag","embeddable":true,"href":"https:\/\/quartorojo.cl\/index.php\/wp-json\/wp\/v2\/product_tag?post=291"}],"curies":[{"name":"wp","href":"https:\/\/api.w.org\/{rel}","templated":true}]}}