{"id":263,"date":"2025-11-07T18:34:00","date_gmt":"2025-11-07T18:34:00","guid":{"rendered":"https:\/\/quartorojo.cl\/?post_type=product&#038;p=263"},"modified":"2026-01-23T19:28:31","modified_gmt":"2026-01-23T19:28:31","slug":"esposas-de-ecocuero-bdsm","status":"publish","type":"product","link":"https:\/\/quartorojo.cl\/index.php\/producto\/esposas-de-ecocuero-bdsm\/","title":{"rendered":"Esposas de ecocuero BDSM"},"content":{"rendered":"<div class=\"woocommerce-product-details__short-description\">\n<p>\u00bfBusca unas esposas que puedan con todo y que resistan a los juegos m\u00e1s traviesos? Estas esposas tienen correas de cuero de calidad y cuentan con unas elegantes costuras a lo largo de las correas. Disponemos de dos colores. Son c\u00f3modas, pero incre\u00edblemente seguras.<\/p>\n<p>Las correas tienen orificios para ajustar la longitud, adem\u00e1s de correas de ajuste de metal y conectores de anillo en D para conectarlas.<\/p>\n<p>Estas esposas est\u00e1n hechas para jugar duro con ajustes de metal y hebillas de cierre s\u00faper resistentes para asegurarse de que su sumiso no se escape.<\/p>\n<p><strong>Caracter\u00edsticas<\/strong>:<\/p>\n<ul>\n<li>Color: Rosado, Negro, Rojo , Morado<\/li>\n<li>Tama\u00f1o:\n<ul>\n<li>Correas ajustables<\/li>\n<li>Talla \u00fanica<\/li>\n<\/ul>\n<\/li>\n<li>Funciones de modelo: Esposas<\/li>\n<li>Material: Eco cuero<\/li>\n<li>Aprueba de agua: Si<\/li>\n<\/ul>\n<p>&nbsp;<\/p>\n<p><strong>Recomendaciones de uso:<\/strong><\/p>\n<ul>\n<li>Lavar con agua fr\u00eda en modo delicado.<\/li>\n<li>Limpiar despu\u00e9s de su uso en caso de salpicar lubricante u otros l\u00edquidos para alargar su vida \u00fatil.<\/li>\n<li>No exponer al fuego, producto inflamable<\/li>\n<\/ul>\n<\/div>\n<form class=\"variations_form cart wvs-loaded\" action=\"https:\/\/longlove.cl\/producto\/esposas-de-ecocuero-bdsm\/\" enctype=\"multipart\/form-data\" method=\"post\" data-product_id=\"39383\" data-product_variations=\"[{&quot;attributes&quot;:{&quot;attribute_pa_color&quot;:&quot;morado&quot;},&quot;availability_html&quot;:&quot;&lt;p class=\\&quot;stock in-stock\\&quot;&gt;&lt;span&gt;Disponibles: &lt;\\\/span&gt;Hay existencias&lt;\\\/p&gt;\\r\\n&quot;,&quot;backorders_allowed&quot;:false,&quot;dimensions&quot;:{&quot;length&quot;:&quot;&quot;,&quot;width&quot;:&quot;&quot;,&quot;height&quot;:&quot;&quot;},&quot;dimensions_html&quot;:&quot;N\\\/D&quot;,&quot;display_price&quot;:3990,&quot;display_regular_price&quot;:3990,&quot;image&quot;:{&quot;title&quot;:&quot;5-7.png&quot;,&quot;caption&quot;:&quot;&quot;,&quot;url&quot;:&quot;https:\\\/\\\/longlove.cl\\\/wp-content\\\/uploads\\\/2025\\\/01\\\/5-7.png&quot;,&quot;alt&quot;:&quot;5-7.png&quot;,&quot;src&quot;:&quot;https:\\\/\\\/longlove.cl\\\/wp-content\\\/uploads\\\/2025\\\/01\\\/5-7-580x580.png&quot;,&quot;srcset&quot;:false,&quot;sizes&quot;:&quot;(max-width: 580px) 100vw, 580px&quot;,&quot;full_src&quot;:&quot;https:\\\/\\\/longlove.cl\\\/wp-content\\\/uploads\\\/2025\\\/01\\\/5-7.png&quot;,&quot;full_src_w&quot;:1080,&quot;full_src_h&quot;:1080,&quot;gallery_thumbnail_src&quot;:&quot;https:\\\/\\\/longlove.cl\\\/wp-content\\\/uploads\\\/2025\\\/01\\\/5-7-100x100.png&quot;,&quot;gallery_thumbnail_src_w&quot;:100,&quot;gallery_thumbnail_src_h&quot;:100,&quot;thumb_src&quot;:&quot;https:\\\/\\\/longlove.cl\\\/wp-content\\\/uploads\\\/2025\\\/01\\\/5-7-234x234.png&quot;,&quot;thumb_src_w&quot;:234,&quot;thumb_src_h&quot;:234,&quot;src_w&quot;:580,&quot;src_h&quot;:580},&quot;image_id&quot;:39548,&quot;is_downloadable&quot;:false,&quot;is_in_stock&quot;:true,&quot;is_purchasable&quot;:true,&quot;is_sold_individually&quot;:&quot;no&quot;,&quot;is_virtual&quot;:false,&quot;max_qty&quot;:2700,&quot;min_qty&quot;:1,&quot;price_html&quot;:&quot;&quot;,&quot;sku&quot;:&quot;sum034&quot;,&quot;variation_description&quot;:&quot;&quot;,&quot;variation_id&quot;:39530,&quot;variation_is_active&quot;:true,&quot;variation_is_visible&quot;:true,&quot;weight&quot;:&quot;&quot;,&quot;weight_html&quot;:&quot;N\\\/D&quot;},{&quot;attributes&quot;:{&quot;attribute_pa_color&quot;:&quot;rosado&quot;},&quot;availability_html&quot;:&quot;&lt;p class=\\&quot;stock in-stock\\&quot;&gt;&lt;span&gt;Disponibles: &lt;\\\/span&gt;Hay existencias&lt;\\\/p&gt;\\r\\n&quot;,&quot;backorders_allowed&quot;:false,&quot;dimensions&quot;:{&quot;length&quot;:&quot;&quot;,&quot;width&quot;:&quot;&quot;,&quot;height&quot;:&quot;&quot;},&quot;dimensions_html&quot;:&quot;N\\\/D&quot;,&quot;display_price&quot;:3990,&quot;display_regular_price&quot;:3990,&quot;image&quot;:{&quot;title&quot;:&quot;6-4.png&quot;,&quot;caption&quot;:&quot;&quot;,&quot;url&quot;:&quot;https:\\\/\\\/longlove.cl\\\/wp-content\\\/uploads\\\/2025\\\/01\\\/6-4.png&quot;,&quot;alt&quot;:&quot;6-4.png&quot;,&quot;src&quot;:&quot;https:\\\/\\\/longlove.cl\\\/wp-content\\\/uploads\\\/2025\\\/01\\\/6-4-580x580.png&quot;,&quot;srcset&quot;:false,&quot;sizes&quot;:&quot;(max-width: 580px) 100vw, 580px&quot;,&quot;full_src&quot;:&quot;https:\\\/\\\/longlove.cl\\\/wp-content\\\/uploads\\\/2025\\\/01\\\/6-4.png&quot;,&quot;full_src_w&quot;:1080,&quot;full_src_h&quot;:1080,&quot;gallery_thumbnail_src&quot;:&quot;https:\\\/\\\/longlove.cl\\\/wp-content\\\/uploads\\\/2025\\\/01\\\/6-4-100x100.png&quot;,&quot;gallery_thumbnail_src_w&quot;:100,&quot;gallery_thumbnail_src_h&quot;:100,&quot;thumb_src&quot;:&quot;https:\\\/\\\/longlove.cl\\\/wp-content\\\/uploads\\\/2025\\\/01\\\/6-4-234x234.png&quot;,&quot;thumb_src_w&quot;:234,&quot;thumb_src_h&quot;:234,&quot;src_w&quot;:580,&quot;src_h&quot;:580},&quot;image_id&quot;:39551,&quot;is_downloadable&quot;:false,&quot;is_in_stock&quot;:true,&quot;is_purchasable&quot;:true,&quot;is_sold_individually&quot;:&quot;no&quot;,&quot;is_virtual&quot;:false,&quot;max_qty&quot;:2700,&quot;min_qty&quot;:1,&quot;price_html&quot;:&quot;&quot;,&quot;sku&quot;:&quot;sum034&quot;,&quot;variation_description&quot;:&quot;&quot;,&quot;variation_id&quot;:39533,&quot;variation_is_active&quot;:true,&quot;variation_is_visible&quot;:true,&quot;weight&quot;:&quot;&quot;,&quot;weight_html&quot;:&quot;N\\\/D&quot;},{&quot;attributes&quot;:{&quot;attribute_pa_color&quot;:&quot;negro&quot;},&quot;availability_html&quot;:&quot;&lt;p class=\\&quot;stock in-stock\\&quot;&gt;&lt;span&gt;Disponibles: &lt;\\\/span&gt;Hay existencias&lt;\\\/p&gt;\\r\\n&quot;,&quot;backorders_allowed&quot;:false,&quot;dimensions&quot;:{&quot;length&quot;:&quot;&quot;,&quot;width&quot;:&quot;&quot;,&quot;height&quot;:&quot;&quot;},&quot;dimensions_html&quot;:&quot;N\\\/D&quot;,&quot;display_price&quot;:3990,&quot;display_regular_price&quot;:3990,&quot;image&quot;:{&quot;title&quot;:&quot;8-3.png&quot;,&quot;caption&quot;:&quot;&quot;,&quot;url&quot;:&quot;https:\\\/\\\/longlove.cl\\\/wp-content\\\/uploads\\\/2025\\\/01\\\/8-3.png&quot;,&quot;alt&quot;:&quot;8-3.png&quot;,&quot;src&quot;:&quot;https:\\\/\\\/longlove.cl\\\/wp-content\\\/uploads\\\/2025\\\/01\\\/8-3-580x580.png&quot;,&quot;srcset&quot;:false,&quot;sizes&quot;:&quot;(max-width: 580px) 100vw, 580px&quot;,&quot;full_src&quot;:&quot;https:\\\/\\\/longlove.cl\\\/wp-content\\\/uploads\\\/2025\\\/01\\\/8-3.png&quot;,&quot;full_src_w&quot;:1080,&quot;full_src_h&quot;:1080,&quot;gallery_thumbnail_src&quot;:&quot;https:\\\/\\\/longlove.cl\\\/wp-content\\\/uploads\\\/2025\\\/01\\\/8-3-100x100.png&quot;,&quot;gallery_thumbnail_src_w&quot;:100,&quot;gallery_thumbnail_src_h&quot;:100,&quot;thumb_src&quot;:&quot;https:\\\/\\\/longlove.cl\\\/wp-content\\\/uploads\\\/2025\\\/01\\\/8-3-234x234.png&quot;,&quot;thumb_src_w&quot;:234,&quot;thumb_src_h&quot;:234,&quot;src_w&quot;:580,&quot;src_h&quot;:580},&quot;image_id&quot;:39549,&quot;is_downloadable&quot;:false,&quot;is_in_stock&quot;:true,&quot;is_purchasable&quot;:true,&quot;is_sold_individually&quot;:&quot;no&quot;,&quot;is_virtual&quot;:false,&quot;max_qty&quot;:2700,&quot;min_qty&quot;:1,&quot;price_html&quot;:&quot;&quot;,&quot;sku&quot;:&quot;sum034&quot;,&quot;variation_description&quot;:&quot;&quot;,&quot;variation_id&quot;:39531,&quot;variation_is_active&quot;:true,&quot;variation_is_visible&quot;:true,&quot;weight&quot;:&quot;&quot;,&quot;weight_html&quot;:&quot;N\\\/D&quot;},{&quot;attributes&quot;:{&quot;attribute_pa_color&quot;:&quot;rojo&quot;},&quot;availability_html&quot;:&quot;&lt;p class=\\&quot;stock in-stock\\&quot;&gt;&lt;span&gt;Disponibles: &lt;\\\/span&gt;Hay existencias&lt;\\\/p&gt;\\r\\n&quot;,&quot;backorders_allowed&quot;:false,&quot;dimensions&quot;:{&quot;length&quot;:&quot;&quot;,&quot;width&quot;:&quot;&quot;,&quot;height&quot;:&quot;&quot;},&quot;dimensions_html&quot;:&quot;N\\\/D&quot;,&quot;display_price&quot;:3990,&quot;display_regular_price&quot;:3990,&quot;image&quot;:{&quot;title&quot;:&quot;7-3.png&quot;,&quot;caption&quot;:&quot;&quot;,&quot;url&quot;:&quot;https:\\\/\\\/longlove.cl\\\/wp-content\\\/uploads\\\/2025\\\/01\\\/7-3.png&quot;,&quot;alt&quot;:&quot;7-3.png&quot;,&quot;src&quot;:&quot;https:\\\/\\\/longlove.cl\\\/wp-content\\\/uploads\\\/2025\\\/01\\\/7-3-580x580.png&quot;,&quot;srcset&quot;:false,&quot;sizes&quot;:&quot;(max-width: 580px) 100vw, 580px&quot;,&quot;full_src&quot;:&quot;https:\\\/\\\/longlove.cl\\\/wp-content\\\/uploads\\\/2025\\\/01\\\/7-3.png&quot;,&quot;full_src_w&quot;:1080,&quot;full_src_h&quot;:1080,&quot;gallery_thumbnail_src&quot;:&quot;https:\\\/\\\/longlove.cl\\\/wp-content\\\/uploads\\\/2025\\\/01\\\/7-3-100x100.png&quot;,&quot;gallery_thumbnail_src_w&quot;:100,&quot;gallery_thumbnail_src_h&quot;:100,&quot;thumb_src&quot;:&quot;https:\\\/\\\/longlove.cl\\\/wp-content\\\/uploads\\\/2025\\\/01\\\/7-3-234x234.png&quot;,&quot;thumb_src_w&quot;:234,&quot;thumb_src_h&quot;:234,&quot;src_w&quot;:580,&quot;src_h&quot;:580},&quot;image_id&quot;:39550,&quot;is_downloadable&quot;:false,&quot;is_in_stock&quot;:true,&quot;is_purchasable&quot;:true,&quot;is_sold_individually&quot;:&quot;no&quot;,&quot;is_virtual&quot;:false,&quot;max_qty&quot;:2700,&quot;min_qty&quot;:1,&quot;price_html&quot;:&quot;&quot;,&quot;sku&quot;:&quot;sum034&quot;,&quot;variation_description&quot;:&quot;&quot;,&quot;variation_id&quot;:39532,&quot;variation_is_active&quot;:true,&quot;variation_is_visible&quot;:true,&quot;weight&quot;:&quot;&quot;,&quot;weight_html&quot;:&quot;N\\\/D&quot;}]\">\n<div data-product_id=\"39383\" data-threshold_min=\"30\" data-threshold_max=\"100\" data-total=\"4\">\n<table class=\"variations\" role=\"presentation\" cellspacing=\"0\">\n<tbody>\n<tr>\n<th class=\"label\"><label for=\"pa_color\">Color<\/label><\/th>\n<td class=\"value woo-variation-items-wrapper\"><select id=\"pa_color\" class=\" woo-variation-raw-select\" name=\"attribute_pa_color\" data-attribute_name=\"attribute_pa_color\" data-show_option_none=\"yes\"><option value=\"\">Elige una opci\u00f3n<\/option><option class=\"attached enabled\" value=\"morado\">Morado<\/option><option class=\"attached enabled\" value=\"negro\">Negro<\/option><option class=\"attached enabled\" value=\"rojo\">Rojo<\/option><option class=\"attached enabled\" value=\"rosado\">Rosado<\/option><\/select><\/td>\n<\/tr>\n<\/tbody>\n<\/table>\n<\/div>\n<\/form>\n<p>&nbsp;<\/p>\n","protected":false},"excerpt":{"rendered":"<ul>\n<li>Funciones de modelo: Esposas<\/li>\n<li>Material: Eco cuero<\/li>\n<li>Aprueba de agua: Si<\/li>\n<\/ul>\n<p>&nbsp;<\/p>\n","protected":false},"featured_media":264,"comment_status":"open","ping_status":"closed","template":"","meta":[],"product_brand":[],"product_cat":[17],"product_tag":[],"class_list":{"0":"post-263","1":"product","2":"type-product","3":"status-publish","4":"has-post-thumbnail","6":"product_cat-jueguetes","8":"first","9":"instock","10":"shipping-taxable","11":"purchasable","12":"product-type-simple"},"yoast_head":"<!-- This site is optimized with the Yoast SEO plugin v26.8 - https:\/\/yoast.com\/product\/yoast-seo-wordpress\/ -->\n<title>Esposas de ecocuero BDSM - Quarto Rojo<\/title>\n<meta name=\"robots\" content=\"index, follow, max-snippet:-1, max-image-preview:large, max-video-preview:-1\" \/>\n<link rel=\"canonical\" href=\"https:\/\/quartorojo.cl\/index.php\/producto\/esposas-de-ecocuero-bdsm\/\" \/>\n<meta property=\"og:locale\" content=\"es_ES\" \/>\n<meta property=\"og:type\" content=\"article\" \/>\n<meta property=\"og:title\" content=\"Esposas de ecocuero BDSM - Quarto Rojo\" \/>\n<meta property=\"og:description\" content=\"Funciones de modelo: Esposas  Material: Eco cuero  Aprueba de agua: Si  &nbsp;\" \/>\n<meta property=\"og:url\" content=\"https:\/\/quartorojo.cl\/index.php\/producto\/esposas-de-ecocuero-bdsm\/\" \/>\n<meta property=\"og:site_name\" content=\"Quarto Rojo\" \/>\n<meta property=\"article:modified_time\" content=\"2026-01-23T19:28:31+00:00\" \/>\n<meta property=\"og:image\" content=\"https:\/\/quartorojo.cl\/wp-content\/uploads\/2025\/11\/3-15.jpg\" \/>\n\t<meta property=\"og:image:width\" content=\"791\" \/>\n\t<meta property=\"og:image:height\" content=\"744\" \/>\n\t<meta property=\"og:image:type\" content=\"image\/jpeg\" \/>\n<meta name=\"twitter:card\" content=\"summary_large_image\" \/>\n<meta name=\"twitter:label1\" content=\"Tiempo de lectura\" \/>\n\t<meta name=\"twitter:data1\" content=\"2 minutos\" \/>\n<script type=\"application\/ld+json\" class=\"yoast-schema-graph\">{\"@context\":\"https:\/\/schema.org\",\"@graph\":[{\"@type\":\"WebPage\",\"@id\":\"https:\/\/quartorojo.cl\/index.php\/producto\/esposas-de-ecocuero-bdsm\/\",\"url\":\"https:\/\/quartorojo.cl\/index.php\/producto\/esposas-de-ecocuero-bdsm\/\",\"name\":\"Esposas de ecocuero BDSM - Quarto Rojo\",\"isPartOf\":{\"@id\":\"https:\/\/quartorojo.cl\/#website\"},\"primaryImageOfPage\":{\"@id\":\"https:\/\/quartorojo.cl\/index.php\/producto\/esposas-de-ecocuero-bdsm\/#primaryimage\"},\"image\":{\"@id\":\"https:\/\/quartorojo.cl\/index.php\/producto\/esposas-de-ecocuero-bdsm\/#primaryimage\"},\"thumbnailUrl\":\"https:\/\/quartorojo.cl\/wp-content\/uploads\/2025\/11\/3-15.jpg\",\"datePublished\":\"2025-11-07T18:34:00+00:00\",\"dateModified\":\"2026-01-23T19:28:31+00:00\",\"breadcrumb\":{\"@id\":\"https:\/\/quartorojo.cl\/index.php\/producto\/esposas-de-ecocuero-bdsm\/#breadcrumb\"},\"inLanguage\":\"es\",\"potentialAction\":[{\"@type\":\"ReadAction\",\"target\":[\"https:\/\/quartorojo.cl\/index.php\/producto\/esposas-de-ecocuero-bdsm\/\"]}]},{\"@type\":\"ImageObject\",\"inLanguage\":\"es\",\"@id\":\"https:\/\/quartorojo.cl\/index.php\/producto\/esposas-de-ecocuero-bdsm\/#primaryimage\",\"url\":\"https:\/\/quartorojo.cl\/wp-content\/uploads\/2025\/11\/3-15.jpg\",\"contentUrl\":\"https:\/\/quartorojo.cl\/wp-content\/uploads\/2025\/11\/3-15.jpg\",\"width\":791,\"height\":744},{\"@type\":\"BreadcrumbList\",\"@id\":\"https:\/\/quartorojo.cl\/index.php\/producto\/esposas-de-ecocuero-bdsm\/#breadcrumb\",\"itemListElement\":[{\"@type\":\"ListItem\",\"position\":1,\"name\":\"Portada\",\"item\":\"https:\/\/quartorojo.cl\/\"},{\"@type\":\"ListItem\",\"position\":2,\"name\":\"Tienda\",\"item\":\"https:\/\/quartorojo.cl\/index.php\/tienda\/\"},{\"@type\":\"ListItem\",\"position\":3,\"name\":\"Esposas de ecocuero BDSM\"}]},{\"@type\":\"WebSite\",\"@id\":\"https:\/\/quartorojo.cl\/#website\",\"url\":\"https:\/\/quartorojo.cl\/\",\"name\":\"Quartorojo.cl\",\"description\":\"Juguetes \u00cdntimos\",\"publisher\":{\"@id\":\"https:\/\/quartorojo.cl\/#organization\"},\"potentialAction\":[{\"@type\":\"SearchAction\",\"target\":{\"@type\":\"EntryPoint\",\"urlTemplate\":\"https:\/\/quartorojo.cl\/?s={search_term_string}\"},\"query-input\":{\"@type\":\"PropertyValueSpecification\",\"valueRequired\":true,\"valueName\":\"search_term_string\"}}],\"inLanguage\":\"es\"},{\"@type\":\"Organization\",\"@id\":\"https:\/\/quartorojo.cl\/#organization\",\"name\":\"Quarto Rojo\",\"url\":\"https:\/\/quartorojo.cl\/\",\"logo\":{\"@type\":\"ImageObject\",\"inLanguage\":\"es\",\"@id\":\"https:\/\/quartorojo.cl\/#\/schema\/logo\/image\/\",\"url\":\"https:\/\/quartorojo.cl\/wp-content\/uploads\/2025\/10\/LOGOQUARTOROJO2023TRAZADO-scaled.png\",\"contentUrl\":\"https:\/\/quartorojo.cl\/wp-content\/uploads\/2025\/10\/LOGOQUARTOROJO2023TRAZADO-scaled.png\",\"width\":2560,\"height\":2193,\"caption\":\"Quarto Rojo\"},\"image\":{\"@id\":\"https:\/\/quartorojo.cl\/#\/schema\/logo\/image\/\"}}]}<\/script>\n<!-- \/ Yoast SEO plugin. -->","yoast_head_json":{"title":"Esposas de ecocuero BDSM - Quarto Rojo","robots":{"index":"index","follow":"follow","max-snippet":"max-snippet:-1","max-image-preview":"max-image-preview:large","max-video-preview":"max-video-preview:-1"},"canonical":"https:\/\/quartorojo.cl\/index.php\/producto\/esposas-de-ecocuero-bdsm\/","og_locale":"es_ES","og_type":"article","og_title":"Esposas de ecocuero BDSM - Quarto Rojo","og_description":"Funciones de modelo: Esposas  Material: Eco cuero  Aprueba de agua: Si  &nbsp;","og_url":"https:\/\/quartorojo.cl\/index.php\/producto\/esposas-de-ecocuero-bdsm\/","og_site_name":"Quarto Rojo","article_modified_time":"2026-01-23T19:28:31+00:00","og_image":[{"width":791,"height":744,"url":"https:\/\/quartorojo.cl\/wp-content\/uploads\/2025\/11\/3-15.jpg","type":"image\/jpeg"}],"twitter_card":"summary_large_image","twitter_misc":{"Tiempo de lectura":"2 minutos"},"schema":{"@context":"https:\/\/schema.org","@graph":[{"@type":"WebPage","@id":"https:\/\/quartorojo.cl\/index.php\/producto\/esposas-de-ecocuero-bdsm\/","url":"https:\/\/quartorojo.cl\/index.php\/producto\/esposas-de-ecocuero-bdsm\/","name":"Esposas de ecocuero BDSM - Quarto Rojo","isPartOf":{"@id":"https:\/\/quartorojo.cl\/#website"},"primaryImageOfPage":{"@id":"https:\/\/quartorojo.cl\/index.php\/producto\/esposas-de-ecocuero-bdsm\/#primaryimage"},"image":{"@id":"https:\/\/quartorojo.cl\/index.php\/producto\/esposas-de-ecocuero-bdsm\/#primaryimage"},"thumbnailUrl":"https:\/\/quartorojo.cl\/wp-content\/uploads\/2025\/11\/3-15.jpg","datePublished":"2025-11-07T18:34:00+00:00","dateModified":"2026-01-23T19:28:31+00:00","breadcrumb":{"@id":"https:\/\/quartorojo.cl\/index.php\/producto\/esposas-de-ecocuero-bdsm\/#breadcrumb"},"inLanguage":"es","potentialAction":[{"@type":"ReadAction","target":["https:\/\/quartorojo.cl\/index.php\/producto\/esposas-de-ecocuero-bdsm\/"]}]},{"@type":"ImageObject","inLanguage":"es","@id":"https:\/\/quartorojo.cl\/index.php\/producto\/esposas-de-ecocuero-bdsm\/#primaryimage","url":"https:\/\/quartorojo.cl\/wp-content\/uploads\/2025\/11\/3-15.jpg","contentUrl":"https:\/\/quartorojo.cl\/wp-content\/uploads\/2025\/11\/3-15.jpg","width":791,"height":744},{"@type":"BreadcrumbList","@id":"https:\/\/quartorojo.cl\/index.php\/producto\/esposas-de-ecocuero-bdsm\/#breadcrumb","itemListElement":[{"@type":"ListItem","position":1,"name":"Portada","item":"https:\/\/quartorojo.cl\/"},{"@type":"ListItem","position":2,"name":"Tienda","item":"https:\/\/quartorojo.cl\/index.php\/tienda\/"},{"@type":"ListItem","position":3,"name":"Esposas de ecocuero BDSM"}]},{"@type":"WebSite","@id":"https:\/\/quartorojo.cl\/#website","url":"https:\/\/quartorojo.cl\/","name":"Quartorojo.cl","description":"Juguetes \u00cdntimos","publisher":{"@id":"https:\/\/quartorojo.cl\/#organization"},"potentialAction":[{"@type":"SearchAction","target":{"@type":"EntryPoint","urlTemplate":"https:\/\/quartorojo.cl\/?s={search_term_string}"},"query-input":{"@type":"PropertyValueSpecification","valueRequired":true,"valueName":"search_term_string"}}],"inLanguage":"es"},{"@type":"Organization","@id":"https:\/\/quartorojo.cl\/#organization","name":"Quarto Rojo","url":"https:\/\/quartorojo.cl\/","logo":{"@type":"ImageObject","inLanguage":"es","@id":"https:\/\/quartorojo.cl\/#\/schema\/logo\/image\/","url":"https:\/\/quartorojo.cl\/wp-content\/uploads\/2025\/10\/LOGOQUARTOROJO2023TRAZADO-scaled.png","contentUrl":"https:\/\/quartorojo.cl\/wp-content\/uploads\/2025\/10\/LOGOQUARTOROJO2023TRAZADO-scaled.png","width":2560,"height":2193,"caption":"Quarto Rojo"},"image":{"@id":"https:\/\/quartorojo.cl\/#\/schema\/logo\/image\/"}}]}},"_links":{"self":[{"href":"https:\/\/quartorojo.cl\/index.php\/wp-json\/wp\/v2\/product\/263","targetHints":{"allow":["GET"]}}],"collection":[{"href":"https:\/\/quartorojo.cl\/index.php\/wp-json\/wp\/v2\/product"}],"about":[{"href":"https:\/\/quartorojo.cl\/index.php\/wp-json\/wp\/v2\/types\/product"}],"replies":[{"embeddable":true,"href":"https:\/\/quartorojo.cl\/index.php\/wp-json\/wp\/v2\/comments?post=263"}],"wp:featuredmedia":[{"embeddable":true,"href":"https:\/\/quartorojo.cl\/index.php\/wp-json\/wp\/v2\/media\/264"}],"wp:attachment":[{"href":"https:\/\/quartorojo.cl\/index.php\/wp-json\/wp\/v2\/media?parent=263"}],"wp:term":[{"taxonomy":"product_brand","embeddable":true,"href":"https:\/\/quartorojo.cl\/index.php\/wp-json\/wp\/v2\/product_brand?post=263"},{"taxonomy":"product_cat","embeddable":true,"href":"https:\/\/quartorojo.cl\/index.php\/wp-json\/wp\/v2\/product_cat?post=263"},{"taxonomy":"product_tag","embeddable":true,"href":"https:\/\/quartorojo.cl\/index.php\/wp-json\/wp\/v2\/product_tag?post=263"}],"curies":[{"name":"wp","href":"https:\/\/api.w.org\/{rel}","templated":true}]}}