{"id":173,"date":"2025-11-04T21:54:20","date_gmt":"2025-11-04T21:54:20","guid":{"rendered":"https:\/\/quartorojo.cl\/?post_type=product&#038;p=173"},"modified":"2026-01-26T20:01:58","modified_gmt":"2026-01-26T20:01:58","slug":"arnes-sexual-con-doble-dildo","status":"publish","type":"product","link":"https:\/\/quartorojo.cl\/index.php\/producto\/arnes-sexual-con-doble-dildo\/","title":{"rendered":"Arn\u00e9s sexual con doble dildo"},"content":{"rendered":"<p>\u00a1Doble pene para doble placer! Simplemente inserta este doble pene en el arn\u00e9s, introd\u00facelo y emp\u00fajalo con lujuria\u2026 Para un ajuste perfecto, la cintura del arn\u00e9s negro es ajustable. Ambos dildos grandes de TPR proporcionan placer gracias a su inusual textura estriada. Esto significa que tanto la persona pasiva como la activa se estimulan al mismo tiempo.<\/p>\n<p>&nbsp;<\/p>\n<p><strong>Caracter\u00edsticas<\/strong>:<\/p>\n<ul class=\"lte-list\">\n<li>Color: Morado<\/li>\n<li>Tama\u00f1o:<\/li>\n<li>Longitud total 18 cm<\/li>\n<li>Longitud total insertable 15 cm<\/li>\n<li>Di\u00e1metro Max. 3,6 cm<\/li>\n<li>Funciones de modelo: Arn\u00e9s doble penetracion<\/li>\n<li>Material: TPR<\/li>\n<li>Certificaci\u00f3n: CE<\/li>\n<li>A prueba de agua: Si<\/li>\n<\/ul>\n","protected":false},"excerpt":{"rendered":"<p><strong>Caracter\u00edsticas<\/strong>:<\/p>\n<ul>\n<li>Color: Rosa claro<\/li>\n<li>Tama\u00f1o:<\/li>\n<li>Longitud total 13,5 cm<\/li>\n<li>Longitud total insertable 12 cm<\/li>\n<li>Di\u00e1metro Max. 3,4 cm<\/li>\n<li>Funciones de modelo: Arn\u00e9s doble penetracion<\/li>\n<li>Material: TPR<\/li>\n<li>Certificaci\u00f3n: CE<\/li>\n<li>A prueba de agua: Si<\/li>\n<\/ul>\n","protected":false},"featured_media":174,"comment_status":"open","ping_status":"closed","template":"","meta":[],"product_brand":[],"product_cat":[26],"product_tag":[],"class_list":{"0":"post-173","1":"product","2":"type-product","3":"status-publish","4":"has-post-thumbnail","6":"product_cat-dildos","8":"first","9":"instock","10":"shipping-taxable","11":"purchasable","12":"product-type-simple"},"yoast_head":"<!-- This site is optimized with the Yoast SEO plugin v26.8 - https:\/\/yoast.com\/product\/yoast-seo-wordpress\/ -->\n<title>Arn\u00e9s sexual con doble dildo - Quarto Rojo<\/title>\n<meta name=\"robots\" content=\"index, follow, max-snippet:-1, max-image-preview:large, max-video-preview:-1\" \/>\n<link rel=\"canonical\" href=\"https:\/\/quartorojo.cl\/index.php\/producto\/arnes-sexual-con-doble-dildo\/\" \/>\n<meta property=\"og:locale\" content=\"es_ES\" \/>\n<meta property=\"og:type\" content=\"article\" \/>\n<meta property=\"og:title\" content=\"Arn\u00e9s sexual con doble dildo - Quarto Rojo\" \/>\n<meta property=\"og:description\" content=\"Caracter\u00edsticas:   Color: Rosa claro  Tama\u00f1o:  Longitud total 13,5 cm  Longitud total insertable 12 cm  Di\u00e1metro Max. 3,4 cm  Funciones de modelo: Arn\u00e9s doble penetracion  Material: TPR  Certificaci\u00f3n: CE  A prueba de agua: Si\" \/>\n<meta property=\"og:url\" content=\"https:\/\/quartorojo.cl\/index.php\/producto\/arnes-sexual-con-doble-dildo\/\" \/>\n<meta property=\"og:site_name\" content=\"Quarto Rojo\" \/>\n<meta property=\"article:modified_time\" content=\"2026-01-26T20:01:58+00:00\" \/>\n<meta property=\"og:image\" content=\"https:\/\/quartorojo.cl\/wp-content\/uploads\/2025\/11\/1-3.jpg\" \/>\n\t<meta property=\"og:image:width\" content=\"1208\" \/>\n\t<meta property=\"og:image:height\" content=\"1210\" \/>\n\t<meta property=\"og:image:type\" content=\"image\/jpeg\" \/>\n<meta name=\"twitter:card\" content=\"summary_large_image\" \/>\n<meta name=\"twitter:label1\" content=\"Tiempo de lectura\" \/>\n\t<meta name=\"twitter:data1\" content=\"1 minuto\" \/>\n<script type=\"application\/ld+json\" class=\"yoast-schema-graph\">{\"@context\":\"https:\/\/schema.org\",\"@graph\":[{\"@type\":\"WebPage\",\"@id\":\"https:\/\/quartorojo.cl\/index.php\/producto\/arnes-sexual-con-doble-dildo\/\",\"url\":\"https:\/\/quartorojo.cl\/index.php\/producto\/arnes-sexual-con-doble-dildo\/\",\"name\":\"Arn\u00e9s sexual con doble dildo - Quarto Rojo\",\"isPartOf\":{\"@id\":\"https:\/\/quartorojo.cl\/#website\"},\"primaryImageOfPage\":{\"@id\":\"https:\/\/quartorojo.cl\/index.php\/producto\/arnes-sexual-con-doble-dildo\/#primaryimage\"},\"image\":{\"@id\":\"https:\/\/quartorojo.cl\/index.php\/producto\/arnes-sexual-con-doble-dildo\/#primaryimage\"},\"thumbnailUrl\":\"https:\/\/quartorojo.cl\/wp-content\/uploads\/2025\/11\/1-3.jpg\",\"datePublished\":\"2025-11-04T21:54:20+00:00\",\"dateModified\":\"2026-01-26T20:01:58+00:00\",\"breadcrumb\":{\"@id\":\"https:\/\/quartorojo.cl\/index.php\/producto\/arnes-sexual-con-doble-dildo\/#breadcrumb\"},\"inLanguage\":\"es\",\"potentialAction\":[{\"@type\":\"ReadAction\",\"target\":[\"https:\/\/quartorojo.cl\/index.php\/producto\/arnes-sexual-con-doble-dildo\/\"]}]},{\"@type\":\"ImageObject\",\"inLanguage\":\"es\",\"@id\":\"https:\/\/quartorojo.cl\/index.php\/producto\/arnes-sexual-con-doble-dildo\/#primaryimage\",\"url\":\"https:\/\/quartorojo.cl\/wp-content\/uploads\/2025\/11\/1-3.jpg\",\"contentUrl\":\"https:\/\/quartorojo.cl\/wp-content\/uploads\/2025\/11\/1-3.jpg\",\"width\":1208,\"height\":1210},{\"@type\":\"BreadcrumbList\",\"@id\":\"https:\/\/quartorojo.cl\/index.php\/producto\/arnes-sexual-con-doble-dildo\/#breadcrumb\",\"itemListElement\":[{\"@type\":\"ListItem\",\"position\":1,\"name\":\"Portada\",\"item\":\"https:\/\/quartorojo.cl\/\"},{\"@type\":\"ListItem\",\"position\":2,\"name\":\"Tienda\",\"item\":\"https:\/\/quartorojo.cl\/index.php\/tienda\/\"},{\"@type\":\"ListItem\",\"position\":3,\"name\":\"Arn\u00e9s sexual con doble dildo\"}]},{\"@type\":\"WebSite\",\"@id\":\"https:\/\/quartorojo.cl\/#website\",\"url\":\"https:\/\/quartorojo.cl\/\",\"name\":\"Quartorojo.cl\",\"description\":\"Juguetes \u00cdntimos\",\"publisher\":{\"@id\":\"https:\/\/quartorojo.cl\/#organization\"},\"potentialAction\":[{\"@type\":\"SearchAction\",\"target\":{\"@type\":\"EntryPoint\",\"urlTemplate\":\"https:\/\/quartorojo.cl\/?s={search_term_string}\"},\"query-input\":{\"@type\":\"PropertyValueSpecification\",\"valueRequired\":true,\"valueName\":\"search_term_string\"}}],\"inLanguage\":\"es\"},{\"@type\":\"Organization\",\"@id\":\"https:\/\/quartorojo.cl\/#organization\",\"name\":\"Quarto Rojo\",\"url\":\"https:\/\/quartorojo.cl\/\",\"logo\":{\"@type\":\"ImageObject\",\"inLanguage\":\"es\",\"@id\":\"https:\/\/quartorojo.cl\/#\/schema\/logo\/image\/\",\"url\":\"https:\/\/quartorojo.cl\/wp-content\/uploads\/2025\/10\/LOGOQUARTOROJO2023TRAZADO-scaled.png\",\"contentUrl\":\"https:\/\/quartorojo.cl\/wp-content\/uploads\/2025\/10\/LOGOQUARTOROJO2023TRAZADO-scaled.png\",\"width\":2560,\"height\":2193,\"caption\":\"Quarto Rojo\"},\"image\":{\"@id\":\"https:\/\/quartorojo.cl\/#\/schema\/logo\/image\/\"}}]}<\/script>\n<!-- \/ Yoast SEO plugin. -->","yoast_head_json":{"title":"Arn\u00e9s sexual con doble dildo - Quarto Rojo","robots":{"index":"index","follow":"follow","max-snippet":"max-snippet:-1","max-image-preview":"max-image-preview:large","max-video-preview":"max-video-preview:-1"},"canonical":"https:\/\/quartorojo.cl\/index.php\/producto\/arnes-sexual-con-doble-dildo\/","og_locale":"es_ES","og_type":"article","og_title":"Arn\u00e9s sexual con doble dildo - Quarto Rojo","og_description":"Caracter\u00edsticas:   Color: Rosa claro  Tama\u00f1o:  Longitud total 13,5 cm  Longitud total insertable 12 cm  Di\u00e1metro Max. 3,4 cm  Funciones de modelo: Arn\u00e9s doble penetracion  Material: TPR  Certificaci\u00f3n: CE  A prueba de agua: Si","og_url":"https:\/\/quartorojo.cl\/index.php\/producto\/arnes-sexual-con-doble-dildo\/","og_site_name":"Quarto Rojo","article_modified_time":"2026-01-26T20:01:58+00:00","og_image":[{"width":1208,"height":1210,"url":"https:\/\/quartorojo.cl\/wp-content\/uploads\/2025\/11\/1-3.jpg","type":"image\/jpeg"}],"twitter_card":"summary_large_image","twitter_misc":{"Tiempo de lectura":"1 minuto"},"schema":{"@context":"https:\/\/schema.org","@graph":[{"@type":"WebPage","@id":"https:\/\/quartorojo.cl\/index.php\/producto\/arnes-sexual-con-doble-dildo\/","url":"https:\/\/quartorojo.cl\/index.php\/producto\/arnes-sexual-con-doble-dildo\/","name":"Arn\u00e9s sexual con doble dildo - Quarto Rojo","isPartOf":{"@id":"https:\/\/quartorojo.cl\/#website"},"primaryImageOfPage":{"@id":"https:\/\/quartorojo.cl\/index.php\/producto\/arnes-sexual-con-doble-dildo\/#primaryimage"},"image":{"@id":"https:\/\/quartorojo.cl\/index.php\/producto\/arnes-sexual-con-doble-dildo\/#primaryimage"},"thumbnailUrl":"https:\/\/quartorojo.cl\/wp-content\/uploads\/2025\/11\/1-3.jpg","datePublished":"2025-11-04T21:54:20+00:00","dateModified":"2026-01-26T20:01:58+00:00","breadcrumb":{"@id":"https:\/\/quartorojo.cl\/index.php\/producto\/arnes-sexual-con-doble-dildo\/#breadcrumb"},"inLanguage":"es","potentialAction":[{"@type":"ReadAction","target":["https:\/\/quartorojo.cl\/index.php\/producto\/arnes-sexual-con-doble-dildo\/"]}]},{"@type":"ImageObject","inLanguage":"es","@id":"https:\/\/quartorojo.cl\/index.php\/producto\/arnes-sexual-con-doble-dildo\/#primaryimage","url":"https:\/\/quartorojo.cl\/wp-content\/uploads\/2025\/11\/1-3.jpg","contentUrl":"https:\/\/quartorojo.cl\/wp-content\/uploads\/2025\/11\/1-3.jpg","width":1208,"height":1210},{"@type":"BreadcrumbList","@id":"https:\/\/quartorojo.cl\/index.php\/producto\/arnes-sexual-con-doble-dildo\/#breadcrumb","itemListElement":[{"@type":"ListItem","position":1,"name":"Portada","item":"https:\/\/quartorojo.cl\/"},{"@type":"ListItem","position":2,"name":"Tienda","item":"https:\/\/quartorojo.cl\/index.php\/tienda\/"},{"@type":"ListItem","position":3,"name":"Arn\u00e9s sexual con doble dildo"}]},{"@type":"WebSite","@id":"https:\/\/quartorojo.cl\/#website","url":"https:\/\/quartorojo.cl\/","name":"Quartorojo.cl","description":"Juguetes \u00cdntimos","publisher":{"@id":"https:\/\/quartorojo.cl\/#organization"},"potentialAction":[{"@type":"SearchAction","target":{"@type":"EntryPoint","urlTemplate":"https:\/\/quartorojo.cl\/?s={search_term_string}"},"query-input":{"@type":"PropertyValueSpecification","valueRequired":true,"valueName":"search_term_string"}}],"inLanguage":"es"},{"@type":"Organization","@id":"https:\/\/quartorojo.cl\/#organization","name":"Quarto Rojo","url":"https:\/\/quartorojo.cl\/","logo":{"@type":"ImageObject","inLanguage":"es","@id":"https:\/\/quartorojo.cl\/#\/schema\/logo\/image\/","url":"https:\/\/quartorojo.cl\/wp-content\/uploads\/2025\/10\/LOGOQUARTOROJO2023TRAZADO-scaled.png","contentUrl":"https:\/\/quartorojo.cl\/wp-content\/uploads\/2025\/10\/LOGOQUARTOROJO2023TRAZADO-scaled.png","width":2560,"height":2193,"caption":"Quarto Rojo"},"image":{"@id":"https:\/\/quartorojo.cl\/#\/schema\/logo\/image\/"}}]}},"_links":{"self":[{"href":"https:\/\/quartorojo.cl\/index.php\/wp-json\/wp\/v2\/product\/173","targetHints":{"allow":["GET"]}}],"collection":[{"href":"https:\/\/quartorojo.cl\/index.php\/wp-json\/wp\/v2\/product"}],"about":[{"href":"https:\/\/quartorojo.cl\/index.php\/wp-json\/wp\/v2\/types\/product"}],"replies":[{"embeddable":true,"href":"https:\/\/quartorojo.cl\/index.php\/wp-json\/wp\/v2\/comments?post=173"}],"wp:featuredmedia":[{"embeddable":true,"href":"https:\/\/quartorojo.cl\/index.php\/wp-json\/wp\/v2\/media\/174"}],"wp:attachment":[{"href":"https:\/\/quartorojo.cl\/index.php\/wp-json\/wp\/v2\/media?parent=173"}],"wp:term":[{"taxonomy":"product_brand","embeddable":true,"href":"https:\/\/quartorojo.cl\/index.php\/wp-json\/wp\/v2\/product_brand?post=173"},{"taxonomy":"product_cat","embeddable":true,"href":"https:\/\/quartorojo.cl\/index.php\/wp-json\/wp\/v2\/product_cat?post=173"},{"taxonomy":"product_tag","embeddable":true,"href":"https:\/\/quartorojo.cl\/index.php\/wp-json\/wp\/v2\/product_tag?post=173"}],"curies":[{"name":"wp","href":"https:\/\/api.w.org\/{rel}","templated":true}]}}