{"id":162,"date":"2025-11-04T21:25:48","date_gmt":"2025-11-04T21:25:48","guid":{"rendered":"https:\/\/quartorojo.cl\/?post_type=product&#038;p=162"},"modified":"2026-01-26T20:05:05","modified_gmt":"2026-01-26T20:05:05","slug":"dildo-vibrador-a-control-the-ultra-soft-dude-20cm","status":"publish","type":"product","link":"https:\/\/quartorojo.cl\/index.php\/producto\/dildo-vibrador-a-control-the-ultra-soft-dude-20cm\/","title":{"rendered":"Dildo vibrador a control The Ultra Soft Dude 20cm"},"content":{"rendered":"<p><strong>THE ULTRA SOFT DUDE<\/strong>\u00a0es una colecci\u00f3n de dildos de lujo dise\u00f1ados por expertos por\u00a0<strong>Love Toy.<\/strong>\u00a0Explora cada cent\u00edmetro del dildo<strong>\u00a0The ultra Soft dude<\/strong>. Satisface cada vena, curva y protuberancia de esta r\u00e9plica exacta que se ve y se siente como si tus fantas\u00edas se hicieran realidad.<\/p>\n<p>Este consolador es lo m\u00e1s cerca que puedes llegar a una sesi\u00f3n humeante con la piel real m\u00e1s ultra suave. El material es totalmente similar a la piel, especialmente si se calienta con agua tibia de antemano, y significa que tiene garantizada una experiencia sensacionalmente llena. Este juguete tiene una base de ventosa que puede sujetar a cualquier superficie dura y lisa para disfrutar del paseo manos libres de sus sue\u00f1os. Simplemente cubra su longitud con lubricante a base de agua y desl\u00edcelo sobre \u00e9l, inclin\u00e1ndolo para estimular sus zonas er\u00f3genas para un placer incre\u00edble.<\/p>\n<p>Con 10 patrones de vibraci\u00f3n distintas, este dildo promete darte el mejor orgasmo.<\/p>\n<p><strong>Caracter\u00edsticas<\/strong>:<\/p>\n<ul>\n<li>Color: Rosa p\u00e1lido<\/li>\n<li>Tama\u00f1o:\n<ul>\n<li>Longitud total 20 cm<\/li>\n<li>Longitud total insertable 19\u00a0 cm<\/li>\n<li>Di\u00e1metro Max. 4,3 cm<\/li>\n<\/ul>\n<\/li>\n<li>Funciones de modelo: Dildo con vibraci\u00f3n<\/li>\n<li>Material: Silicona + ABS<\/li>\n<li>Carga: Pila AAA x2 (No incluidas)<\/li>\n<li>Frecuencia: 10 modo de vibraci\u00f3n<\/li>\n<li>Certificaci\u00f3n: CE<\/li>\n<li>Aprueba de agua: Si<\/li>\n<\/ul>\n<p><strong>Recomendaciones de uso:<\/strong><\/p>\n<ul>\n<li>L\u00e1valo antes y despu\u00e9s de utilizarlo con agua tibia y jab\u00f3n<\/li>\n<li>Si es de uso personal con tu pareja, no necesitas preservativo para utilizarlo<\/li>\n<li>Siempre gu\u00e1rdalo seco y en un lugar sin humedad<\/li>\n<li>Se recomienda no sumergirlo por mucho tiempo en el agua para evitar problemas<\/li>\n<li>Siempre debes guardarlo solo, sin ning\u00fan otro juguete, para que ninguno de los dos se estropee<\/li>\n<\/ul>\n","protected":false},"excerpt":{"rendered":"<p><img decoding=\"async\" class=\"emoji\" role=\"img\" draggable=\"false\" src=\"https:\/\/s.w.org\/images\/core\/emoji\/16.0.1\/svg\/2705.svg\" alt=\"\u2705\" \/>Usa pila AAA x 2 (No incluidas)<\/p>\n<p><img decoding=\"async\" class=\"emoji\" role=\"img\" draggable=\"false\" src=\"https:\/\/s.w.org\/images\/core\/emoji\/16.0.1\/svg\/2705.svg\" alt=\"\u2705\" \/>A prueba de agua<\/p>\n<p><img decoding=\"async\" class=\"emoji\" role=\"img\" draggable=\"false\" src=\"https:\/\/s.w.org\/images\/core\/emoji\/16.0.1\/svg\/2705.svg\" alt=\"\u2705\" \/>10 modo de vibraci\u00f3n<\/p>\n","protected":false},"featured_media":163,"comment_status":"open","ping_status":"closed","template":"","meta":[],"product_brand":[],"product_cat":[26],"product_tag":[],"class_list":{"0":"post-162","1":"product","2":"type-product","3":"status-publish","4":"has-post-thumbnail","6":"product_cat-dildos","8":"first","9":"instock","10":"shipping-taxable","11":"purchasable","12":"product-type-simple"},"yoast_head":"<!-- This site is optimized with the Yoast SEO plugin v26.8 - https:\/\/yoast.com\/product\/yoast-seo-wordpress\/ -->\n<title>Dildo vibrador a control The Ultra Soft Dude 20cm - Quarto Rojo<\/title>\n<meta name=\"robots\" content=\"index, follow, max-snippet:-1, max-image-preview:large, max-video-preview:-1\" \/>\n<link rel=\"canonical\" href=\"https:\/\/quartorojo.cl\/index.php\/producto\/dildo-vibrador-a-control-the-ultra-soft-dude-20cm\/\" \/>\n<meta property=\"og:locale\" content=\"es_ES\" \/>\n<meta property=\"og:type\" content=\"article\" \/>\n<meta property=\"og:title\" content=\"Dildo vibrador a control The Ultra Soft Dude 20cm - Quarto Rojo\" \/>\n<meta property=\"og:description\" content=\"Usa pila AAA x 2 (No incluidas)  A prueba de agua  10 modo de vibraci\u00f3n\" \/>\n<meta property=\"og:url\" content=\"https:\/\/quartorojo.cl\/index.php\/producto\/dildo-vibrador-a-control-the-ultra-soft-dude-20cm\/\" \/>\n<meta property=\"og:site_name\" content=\"Quarto Rojo\" \/>\n<meta property=\"article:modified_time\" content=\"2026-01-26T20:05:05+00:00\" \/>\n<meta property=\"og:image\" content=\"https:\/\/quartorojo.cl\/wp-content\/uploads\/2025\/11\/1.jpg\" \/>\n\t<meta property=\"og:image:width\" content=\"1208\" \/>\n\t<meta property=\"og:image:height\" content=\"1208\" \/>\n\t<meta property=\"og:image:type\" content=\"image\/jpeg\" \/>\n<meta name=\"twitter:card\" content=\"summary_large_image\" \/>\n<meta name=\"twitter:label1\" content=\"Tiempo de lectura\" \/>\n\t<meta name=\"twitter:data1\" content=\"2 minutos\" \/>\n<script type=\"application\/ld+json\" class=\"yoast-schema-graph\">{\"@context\":\"https:\/\/schema.org\",\"@graph\":[{\"@type\":\"WebPage\",\"@id\":\"https:\/\/quartorojo.cl\/index.php\/producto\/dildo-vibrador-a-control-the-ultra-soft-dude-20cm\/\",\"url\":\"https:\/\/quartorojo.cl\/index.php\/producto\/dildo-vibrador-a-control-the-ultra-soft-dude-20cm\/\",\"name\":\"Dildo vibrador a control The Ultra Soft Dude 20cm - Quarto Rojo\",\"isPartOf\":{\"@id\":\"https:\/\/quartorojo.cl\/#website\"},\"primaryImageOfPage\":{\"@id\":\"https:\/\/quartorojo.cl\/index.php\/producto\/dildo-vibrador-a-control-the-ultra-soft-dude-20cm\/#primaryimage\"},\"image\":{\"@id\":\"https:\/\/quartorojo.cl\/index.php\/producto\/dildo-vibrador-a-control-the-ultra-soft-dude-20cm\/#primaryimage\"},\"thumbnailUrl\":\"https:\/\/quartorojo.cl\/wp-content\/uploads\/2025\/11\/1.jpg\",\"datePublished\":\"2025-11-04T21:25:48+00:00\",\"dateModified\":\"2026-01-26T20:05:05+00:00\",\"breadcrumb\":{\"@id\":\"https:\/\/quartorojo.cl\/index.php\/producto\/dildo-vibrador-a-control-the-ultra-soft-dude-20cm\/#breadcrumb\"},\"inLanguage\":\"es\",\"potentialAction\":[{\"@type\":\"ReadAction\",\"target\":[\"https:\/\/quartorojo.cl\/index.php\/producto\/dildo-vibrador-a-control-the-ultra-soft-dude-20cm\/\"]}]},{\"@type\":\"ImageObject\",\"inLanguage\":\"es\",\"@id\":\"https:\/\/quartorojo.cl\/index.php\/producto\/dildo-vibrador-a-control-the-ultra-soft-dude-20cm\/#primaryimage\",\"url\":\"https:\/\/quartorojo.cl\/wp-content\/uploads\/2025\/11\/1.jpg\",\"contentUrl\":\"https:\/\/quartorojo.cl\/wp-content\/uploads\/2025\/11\/1.jpg\",\"width\":1208,\"height\":1208},{\"@type\":\"BreadcrumbList\",\"@id\":\"https:\/\/quartorojo.cl\/index.php\/producto\/dildo-vibrador-a-control-the-ultra-soft-dude-20cm\/#breadcrumb\",\"itemListElement\":[{\"@type\":\"ListItem\",\"position\":1,\"name\":\"Portada\",\"item\":\"https:\/\/quartorojo.cl\/\"},{\"@type\":\"ListItem\",\"position\":2,\"name\":\"Tienda\",\"item\":\"https:\/\/quartorojo.cl\/index.php\/tienda\/\"},{\"@type\":\"ListItem\",\"position\":3,\"name\":\"Dildo vibrador a control The Ultra Soft Dude 20cm\"}]},{\"@type\":\"WebSite\",\"@id\":\"https:\/\/quartorojo.cl\/#website\",\"url\":\"https:\/\/quartorojo.cl\/\",\"name\":\"Quartorojo.cl\",\"description\":\"Juguetes \u00cdntimos\",\"publisher\":{\"@id\":\"https:\/\/quartorojo.cl\/#organization\"},\"potentialAction\":[{\"@type\":\"SearchAction\",\"target\":{\"@type\":\"EntryPoint\",\"urlTemplate\":\"https:\/\/quartorojo.cl\/?s={search_term_string}\"},\"query-input\":{\"@type\":\"PropertyValueSpecification\",\"valueRequired\":true,\"valueName\":\"search_term_string\"}}],\"inLanguage\":\"es\"},{\"@type\":\"Organization\",\"@id\":\"https:\/\/quartorojo.cl\/#organization\",\"name\":\"Quarto Rojo\",\"url\":\"https:\/\/quartorojo.cl\/\",\"logo\":{\"@type\":\"ImageObject\",\"inLanguage\":\"es\",\"@id\":\"https:\/\/quartorojo.cl\/#\/schema\/logo\/image\/\",\"url\":\"https:\/\/quartorojo.cl\/wp-content\/uploads\/2025\/10\/LOGOQUARTOROJO2023TRAZADO-scaled.png\",\"contentUrl\":\"https:\/\/quartorojo.cl\/wp-content\/uploads\/2025\/10\/LOGOQUARTOROJO2023TRAZADO-scaled.png\",\"width\":2560,\"height\":2193,\"caption\":\"Quarto Rojo\"},\"image\":{\"@id\":\"https:\/\/quartorojo.cl\/#\/schema\/logo\/image\/\"}}]}<\/script>\n<!-- \/ Yoast SEO plugin. -->","yoast_head_json":{"title":"Dildo vibrador a control The Ultra Soft Dude 20cm - Quarto Rojo","robots":{"index":"index","follow":"follow","max-snippet":"max-snippet:-1","max-image-preview":"max-image-preview:large","max-video-preview":"max-video-preview:-1"},"canonical":"https:\/\/quartorojo.cl\/index.php\/producto\/dildo-vibrador-a-control-the-ultra-soft-dude-20cm\/","og_locale":"es_ES","og_type":"article","og_title":"Dildo vibrador a control The Ultra Soft Dude 20cm - Quarto Rojo","og_description":"Usa pila AAA x 2 (No incluidas)  A prueba de agua  10 modo de vibraci\u00f3n","og_url":"https:\/\/quartorojo.cl\/index.php\/producto\/dildo-vibrador-a-control-the-ultra-soft-dude-20cm\/","og_site_name":"Quarto Rojo","article_modified_time":"2026-01-26T20:05:05+00:00","og_image":[{"width":1208,"height":1208,"url":"https:\/\/quartorojo.cl\/wp-content\/uploads\/2025\/11\/1.jpg","type":"image\/jpeg"}],"twitter_card":"summary_large_image","twitter_misc":{"Tiempo de lectura":"2 minutos"},"schema":{"@context":"https:\/\/schema.org","@graph":[{"@type":"WebPage","@id":"https:\/\/quartorojo.cl\/index.php\/producto\/dildo-vibrador-a-control-the-ultra-soft-dude-20cm\/","url":"https:\/\/quartorojo.cl\/index.php\/producto\/dildo-vibrador-a-control-the-ultra-soft-dude-20cm\/","name":"Dildo vibrador a control The Ultra Soft Dude 20cm - Quarto Rojo","isPartOf":{"@id":"https:\/\/quartorojo.cl\/#website"},"primaryImageOfPage":{"@id":"https:\/\/quartorojo.cl\/index.php\/producto\/dildo-vibrador-a-control-the-ultra-soft-dude-20cm\/#primaryimage"},"image":{"@id":"https:\/\/quartorojo.cl\/index.php\/producto\/dildo-vibrador-a-control-the-ultra-soft-dude-20cm\/#primaryimage"},"thumbnailUrl":"https:\/\/quartorojo.cl\/wp-content\/uploads\/2025\/11\/1.jpg","datePublished":"2025-11-04T21:25:48+00:00","dateModified":"2026-01-26T20:05:05+00:00","breadcrumb":{"@id":"https:\/\/quartorojo.cl\/index.php\/producto\/dildo-vibrador-a-control-the-ultra-soft-dude-20cm\/#breadcrumb"},"inLanguage":"es","potentialAction":[{"@type":"ReadAction","target":["https:\/\/quartorojo.cl\/index.php\/producto\/dildo-vibrador-a-control-the-ultra-soft-dude-20cm\/"]}]},{"@type":"ImageObject","inLanguage":"es","@id":"https:\/\/quartorojo.cl\/index.php\/producto\/dildo-vibrador-a-control-the-ultra-soft-dude-20cm\/#primaryimage","url":"https:\/\/quartorojo.cl\/wp-content\/uploads\/2025\/11\/1.jpg","contentUrl":"https:\/\/quartorojo.cl\/wp-content\/uploads\/2025\/11\/1.jpg","width":1208,"height":1208},{"@type":"BreadcrumbList","@id":"https:\/\/quartorojo.cl\/index.php\/producto\/dildo-vibrador-a-control-the-ultra-soft-dude-20cm\/#breadcrumb","itemListElement":[{"@type":"ListItem","position":1,"name":"Portada","item":"https:\/\/quartorojo.cl\/"},{"@type":"ListItem","position":2,"name":"Tienda","item":"https:\/\/quartorojo.cl\/index.php\/tienda\/"},{"@type":"ListItem","position":3,"name":"Dildo vibrador a control The Ultra Soft Dude 20cm"}]},{"@type":"WebSite","@id":"https:\/\/quartorojo.cl\/#website","url":"https:\/\/quartorojo.cl\/","name":"Quartorojo.cl","description":"Juguetes \u00cdntimos","publisher":{"@id":"https:\/\/quartorojo.cl\/#organization"},"potentialAction":[{"@type":"SearchAction","target":{"@type":"EntryPoint","urlTemplate":"https:\/\/quartorojo.cl\/?s={search_term_string}"},"query-input":{"@type":"PropertyValueSpecification","valueRequired":true,"valueName":"search_term_string"}}],"inLanguage":"es"},{"@type":"Organization","@id":"https:\/\/quartorojo.cl\/#organization","name":"Quarto Rojo","url":"https:\/\/quartorojo.cl\/","logo":{"@type":"ImageObject","inLanguage":"es","@id":"https:\/\/quartorojo.cl\/#\/schema\/logo\/image\/","url":"https:\/\/quartorojo.cl\/wp-content\/uploads\/2025\/10\/LOGOQUARTOROJO2023TRAZADO-scaled.png","contentUrl":"https:\/\/quartorojo.cl\/wp-content\/uploads\/2025\/10\/LOGOQUARTOROJO2023TRAZADO-scaled.png","width":2560,"height":2193,"caption":"Quarto Rojo"},"image":{"@id":"https:\/\/quartorojo.cl\/#\/schema\/logo\/image\/"}}]}},"_links":{"self":[{"href":"https:\/\/quartorojo.cl\/index.php\/wp-json\/wp\/v2\/product\/162","targetHints":{"allow":["GET"]}}],"collection":[{"href":"https:\/\/quartorojo.cl\/index.php\/wp-json\/wp\/v2\/product"}],"about":[{"href":"https:\/\/quartorojo.cl\/index.php\/wp-json\/wp\/v2\/types\/product"}],"replies":[{"embeddable":true,"href":"https:\/\/quartorojo.cl\/index.php\/wp-json\/wp\/v2\/comments?post=162"}],"wp:featuredmedia":[{"embeddable":true,"href":"https:\/\/quartorojo.cl\/index.php\/wp-json\/wp\/v2\/media\/163"}],"wp:attachment":[{"href":"https:\/\/quartorojo.cl\/index.php\/wp-json\/wp\/v2\/media?parent=162"}],"wp:term":[{"taxonomy":"product_brand","embeddable":true,"href":"https:\/\/quartorojo.cl\/index.php\/wp-json\/wp\/v2\/product_brand?post=162"},{"taxonomy":"product_cat","embeddable":true,"href":"https:\/\/quartorojo.cl\/index.php\/wp-json\/wp\/v2\/product_cat?post=162"},{"taxonomy":"product_tag","embeddable":true,"href":"https:\/\/quartorojo.cl\/index.php\/wp-json\/wp\/v2\/product_tag?post=162"}],"curies":[{"name":"wp","href":"https:\/\/api.w.org\/{rel}","templated":true}]}}